Last updated on 2024-05-02 04:00:06 CEST.
Flavor | Version | Tinstall | Tcheck | Ttotal | Status | Flags |
---|---|---|---|---|---|---|
r-devel-linux-x86_64-debian-clang | 0.1.0 | 31.17 | 29.72 | 60.89 | OK | |
r-devel-linux-x86_64-debian-gcc | 0.1.0 | 18.67 | 22.64 | 41.31 | OK | |
r-devel-linux-x86_64-fedora-clang | 0.1.0 | 83.18 | NOTE | |||
r-devel-linux-x86_64-fedora-gcc | 0.1.0 | 75.76 | NOTE | |||
r-devel-windows-x86_64 | 0.1.0 | 22.00 | 62.00 | 84.00 | OK | |
r-patched-linux-x86_64 | 0.1.0 | 26.26 | 28.45 | 54.71 | OK | |
r-release-linux-x86_64 | 0.1.0 | 27.97 | 27.72 | 55.69 | OK | |
r-release-macos-arm64 | 0.1.0 | 21.00 | OK | |||
r-release-windows-x86_64 | 0.1.0 | 23.00 | 60.00 | 83.00 | OK | |
r-oldrel-macos-arm64 | 0.1.0 | 24.00 | OK | |||
r-oldrel-macos-x86_64 | 0.1.0 | 39.00 | OK | |||
r-oldrel-windows-x86_64 | 0.1.0 | 20.00 | 67.00 | 87.00 | OK |
Version: 0.1.0
Check: data for non-ASCII characters
Result: NOTE
Note: found 19 marked UTF-8 strings
Flavors: r-devel-linux-x86_64-fedora-clang, r-devel-linux-x86_64-fedora-gcc
Version: 0.1.0
Check: compiled code
Result: NOTE
File ‘batman/libs/batman.so’:
Found no calls to: ‘R_registerRoutines’, ‘R_useDynamicSymbols’
It is good practice to register native routines and to disable symbol
search.
See ‘Writing portable packages’ in the ‘Writing R Extensions’ manual.
Flavors: r-devel-linux-x86_64-fedora-clang, r-devel-linux-x86_64-fedora-gcc
These binaries (installable software) and packages are in development.
They may not be fully stable and should be used with caution. We make no claims about them.
Health stats visible at Monitor.