Last updated on 2025-02-23 19:50:59 CET.
Flavor | Version | Tinstall | Tcheck | Ttotal | Status | Flags |
---|---|---|---|---|---|---|
r-devel-linux-x86_64-debian-clang | 0.9.17 | 11.87 | 129.16 | 141.03 | NOTE | |
r-devel-linux-x86_64-debian-gcc | 0.9.17 | 8.32 | 92.78 | 101.10 | NOTE | |
r-devel-linux-x86_64-fedora-clang | 0.9.17 | 223.64 | NOTE | |||
r-devel-linux-x86_64-fedora-gcc | 0.9.17 | 229.48 | NOTE | |||
r-devel-macos-arm64 | 0.9.17 | 112.00 | NOTE | |||
r-devel-macos-x86_64 | 0.9.17 | 184.00 | NOTE | |||
r-devel-windows-x86_64 | 0.9.17 | 17.00 | 178.00 | 195.00 | NOTE | |
r-patched-linux-x86_64 | 0.9.17 | 17.65 | 120.58 | 138.23 | NOTE | |
r-release-linux-x86_64 | 0.9.17 | 11.76 | 118.96 | 130.72 | NOTE | |
r-release-macos-arm64 | 0.9.17 | 88.00 | NOTE | |||
r-release-macos-x86_64 | 0.9.17 | 136.00 | NOTE | |||
r-release-windows-x86_64 | 0.9.17 | 16.00 | 171.00 | 187.00 | NOTE | |
r-oldrel-macos-arm64 | 0.9.17 | 92.00 | NOTE | |||
r-oldrel-macos-x86_64 | 0.9.17 | 158.00 | NOTE | |||
r-oldrel-windows-x86_64 | 0.9.17 | 20.00 | 204.00 | 224.00 | OK |
Version: 0.9.17
Check: Rd files
Result: NOTE
checkRd: (-1) JobCollection.Rd:41: Lost braces
41 | \item{namespaces}{code{character} with required packages to load via \code{\link[base]{requireNamespace}}.}
| ^
checkRd: (-1) addAlgorithm.Rd:31: Lost braces
31 | Algorithms are functions which get the code{data} part as well as the problem instance (the return value of the
| ^
Flavors: r-devel-linux-x86_64-debian-clang, r-devel-linux-x86_64-debian-gcc, r-devel-linux-x86_64-fedora-clang, r-devel-linux-x86_64-fedora-gcc, r-devel-macos-arm64, r-devel-macos-x86_64, r-devel-windows-x86_64, r-patched-linux-x86_64, r-release-linux-x86_64, r-release-macos-arm64, r-release-macos-x86_64, r-release-windows-x86_64
Version: 0.9.17
Check: Rd cross-references
Result: NOTE
Found the following Rd file(s) with Rd \link{} targets missing package
anchors:
JoinTables.Rd: data.table
Worker.Rd: R6Class
addExperiments.Rd: data.table
batchMap.Rd: data.table
batchMapResults.Rd: data.table
batchReduce.Rd: data.table
estimateRuntimes.Rd: data.table
findJobs.Rd: data.table
getErrorMessages.Rd: data.table
getJobTable.Rd: data.table
grepLogs.Rd: data.table
killJobs.Rd: data.table
removeExperiments.Rd: data.table
resetJobs.Rd: data.table
runHook.Rd: data.table
submitJobs.Rd: data.table
summarizeExperiments.Rd: data.table
unwrap.Rd: data.table
Please provide package anchors for all Rd \link{} targets not in the
package itself and the base packages.
Flavors: r-devel-linux-x86_64-debian-clang, r-devel-linux-x86_64-debian-gcc, r-devel-windows-x86_64
Version: 0.9.17
Check: package dependencies
Result: NOTE
Package suggested but not available for checking: ‘doMPI’
Flavors: r-release-macos-arm64, r-release-macos-x86_64, r-oldrel-macos-arm64, r-oldrel-macos-x86_64
Version: 0.9.17
Check: Rd cross-references
Result: NOTE
Package unavailable to check Rd xrefs: ‘Rmpi’
Flavors: r-release-macos-arm64, r-release-macos-x86_64, r-oldrel-macos-arm64, r-oldrel-macos-x86_64
These binaries (installable software) and packages are in development.
They may not be fully stable and should be used with caution. We make no claims about them.
Health stats visible at Monitor.