CRAN Package Check Results for Package bandsfdp

Last updated on 2025-05-15 09:52:09 CEST.

Flavor Version Tinstall Tcheck Ttotal Status Flags
r-devel-linux-x86_64-debian-clang 1.1.0 2.65 22.31 24.96 NOTE
r-devel-linux-x86_64-debian-gcc 1.1.0 2.04 17.19 19.23 NOTE
r-devel-linux-x86_64-fedora-clang 1.1.0 39.93 OK
r-devel-linux-x86_64-fedora-gcc 1.1.0 38.40 OK
r-devel-windows-x86_64 1.1.0 3.00 40.00 43.00 OK
r-patched-linux-x86_64 1.1.0 3.01 20.06 23.07 OK
r-release-linux-x86_64 1.1.0 2.70 20.50 23.20 OK
r-release-macos-arm64 1.1.0 16.00 OK
r-release-macos-x86_64 1.1.0 25.00 OK
r-release-windows-x86_64 1.1.0 4.00 45.00 49.00 OK
r-oldrel-macos-arm64 1.1.0 19.00 NOTE
r-oldrel-macos-x86_64 1.1.0 23.00 NOTE
r-oldrel-windows-x86_64 1.1.0 4.00 42.00 46.00 NOTE

Check Details

Version: 1.1.0
Check: CRAN incoming feasibility
Result: NOTE Maintainer: ‘Arya Ebadi <aeba3842@uni.sydney.edu.au>’ The Description field contains <arXiv:2302.11837>. Such setups include target-decoy competition (TDC) Please refer to arXiv e-prints via their arXiv DOI <doi:10.48550/arXiv.YYMM.NNNNN>. Flavors: r-devel-linux-x86_64-debian-clang, r-devel-linux-x86_64-debian-gcc

Version: 1.1.0
Check: package dependencies
Result: NOTE Package suggested but not available for checking: ‘fdpbandsdata’ Flavors: r-oldrel-macos-arm64, r-oldrel-macos-x86_64, r-oldrel-windows-x86_64

These binaries (installable software) and packages are in development.
They may not be fully stable and should be used with caution. We make no claims about them.
Health stats visible at Monitor.