Last updated on 2025-10-30 19:53:19 CET.
| Flavor | Version | Tinstall | Tcheck | Ttotal | Status | Flags | 
|---|---|---|---|---|---|---|
| r-devel-linux-x86_64-debian-clang | 0.0.3 | 332.29 | 160.56 | 492.85 | NOTE | |
| r-devel-linux-x86_64-debian-gcc | 0.0.3 | 310.74 | 145.47 | 456.21 | NOTE | |
| r-devel-linux-x86_64-fedora-clang | 0.0.3 | 720.00 | 70.74 | 790.74 | NOTE | |
| r-devel-linux-x86_64-fedora-gcc | 0.0.3 | 1020.00 | 27.08 | 1047.08 | NOTE | |
| r-devel-windows-x86_64 | 0.0.3 | 393.00 | 209.00 | 602.00 | NOTE | |
| r-patched-linux-x86_64 | 0.0.3 | 412.02 | 194.30 | 606.32 | NOTE | |
| r-release-linux-x86_64 | 0.0.3 | 409.44 | 189.42 | 598.86 | NOTE | |
| r-release-macos-arm64 | 0.0.3 | 151.00 | 68.00 | 219.00 | OK | |
| r-release-macos-x86_64 | 0.0.3 | 155.00 | 138.00 | 293.00 | OK | |
| r-release-windows-x86_64 | 0.0.3 | 405.00 | 215.00 | 620.00 | NOTE | |
| r-oldrel-macos-arm64 | 0.0.3 | 73.00 | 40.00 | 113.00 | NOTE | |
| r-oldrel-macos-x86_64 | 0.0.3 | 66.00 | 67.00 | 133.00 | NOTE | |
| r-oldrel-windows-x86_64 | 0.0.3 | 438.00 | 263.00 | 701.00 | NOTE | 
Version: 0.0.3
Check: Rd cross-references
Result: NOTE
  Found the following Rd file(s) with Rd \link{} targets missing package
  anchors:
    fit_lgmr.Rd: stan_model
    infer_data_and_decision_model.Rd: sampling, tibble
  Please provide package anchors for all Rd \link{} targets not in the
  package itself and the base packages.
Flavors: r-devel-linux-x86_64-debian-clang, r-devel-linux-x86_64-debian-gcc, r-devel-windows-x86_64, r-patched-linux-x86_64, r-release-linux-x86_64, r-release-windows-x86_64
Version: 0.0.3
Check: dependencies in R code
Result: NOTE
  Namespaces in Imports field not imported from:
    ‘RcppParallel’ ‘rstantools’
    All declared Imports should be used.
Flavors: r-devel-linux-x86_64-fedora-clang, r-devel-linux-x86_64-fedora-gcc
Version: 0.0.3
Check: installed package size
Result: NOTE
    installed size is 95.4Mb
    sub-directories of 1Mb or more:
      data   1.2Mb
      libs  93.5Mb
Flavors: r-oldrel-macos-arm64, r-oldrel-macos-x86_64, r-oldrel-windows-x86_64
Version: 0.0.3
Check: for GNU extensions in Makefiles
Result: NOTE
  GNU make is a SystemRequirements.
Flavors: r-oldrel-macos-arm64, r-oldrel-macos-x86_64, r-oldrel-windows-x86_64
These binaries (installable software) and packages are in development.
They may not be fully stable and should be used with caution. We make no claims about them.
Health stats visible at Monitor.