Last updated on 2025-05-07 20:49:39 CEST.
Flavor | Version | Tinstall | Tcheck | Ttotal | Status | Flags |
---|---|---|---|---|---|---|
r-devel-linux-x86_64-debian-clang | 0.2.4 | 5.77 | 48.79 | 54.56 | NOTE | |
r-devel-linux-x86_64-debian-gcc | 0.2.4 | 3.87 | 35.61 | 39.48 | NOTE | |
r-devel-linux-x86_64-fedora-clang | 0.2.4 | 74.51 | OK | |||
r-devel-linux-x86_64-fedora-gcc | 0.2.4 | 81.23 | OK | |||
r-devel-windows-x86_64 | 0.2.4 | 8.00 | 74.00 | 82.00 | OK | |
r-patched-linux-x86_64 | 0.2.4 | 6.16 | 45.80 | 51.96 | OK | |
r-release-linux-x86_64 | 0.2.4 | 5.15 | 46.34 | 51.49 | OK | |
r-release-macos-arm64 | 0.2.4 | 31.00 | OK | |||
r-release-macos-x86_64 | 0.2.4 | 60.00 | OK | |||
r-release-windows-x86_64 | 0.2.4 | 9.00 | 74.00 | 83.00 | OK | |
r-oldrel-macos-arm64 | 0.2.4 | 32.00 | OK | |||
r-oldrel-macos-x86_64 | 0.2.4 | 80.00 | OK | |||
r-oldrel-windows-x86_64 | 0.2.4 | 10.00 | 80.00 | 90.00 | OK |
Version: 0.2.4
Check: DESCRIPTION meta-information
Result: NOTE
Author field differs from that derived from Authors@R
Author: ‘Guangchuang Yu [aut, cre] (<https://orcid.org/0000-0002-6485-8781>), Gregor de Cillia [ctb], Dirk Eddelbuettel [ctb], Maëlle Salmon [ctb], Robrecht Cannoodt [ctb] (<https://orcid.org/0000-0003-3641-729X>, rcannood), Alexander Rossell Hayes [ctb] (<https://orcid.org/0000-0001-9412-0457>, rossellhayes), Waldir Leoncio [ctb], Matthew Schuelke [ctb] (<https://orcid.org/0000-0001-5755-1725>, the-mad-statter)’
Authors@R: ‘Guangchuang Yu [aut, cre] (ORCID: <https://orcid.org/0000-0002-6485-8781>), Gregor de Cillia [ctb], Dirk Eddelbuettel [ctb], Maëlle Salmon [ctb], Robrecht Cannoodt [ctb] (ORCID: <https://orcid.org/0000-0003-3641-729X>, github: rcannood), Alexander Rossell Hayes [ctb] (ORCID: <https://orcid.org/0000-0001-9412-0457>, github: rossellhayes), Waldir Leoncio [ctb], Matthew Schuelke [ctb] (ORCID: <https://orcid.org/0000-0001-5755-1725>, github: the-mad-statter)’
Flavors: r-devel-linux-x86_64-debian-clang, r-devel-linux-x86_64-debian-gcc
These binaries (installable software) and packages are in development.
They may not be fully stable and should be used with caution. We make no claims about them.
Health stats visible at Monitor.