Last updated on 2025-02-23 15:49:36 CET.
Flavor | Version | Tinstall | Tcheck | Ttotal | Status | Flags |
---|---|---|---|---|---|---|
r-devel-linux-x86_64-debian-clang | 1.10.0 | 9.86 | 100.94 | 110.80 | NOTE | |
r-devel-linux-x86_64-debian-gcc | 1.10.0 | 7.65 | 75.62 | 83.27 | NOTE | |
r-devel-linux-x86_64-fedora-clang | 1.10.0 | 182.41 | NOTE | |||
r-devel-linux-x86_64-fedora-gcc | 1.10.0 | 188.28 | NOTE | |||
r-devel-macos-arm64 | 1.10.0 | 69.00 | NOTE | |||
r-devel-macos-x86_64 | 1.10.0 | 144.00 | NOTE | |||
r-devel-windows-x86_64 | 1.10.0 | 12.00 | 138.00 | 150.00 | NOTE | |
r-patched-linux-x86_64 | 1.10.0 | 12.99 | 94.80 | 107.79 | NOTE | |
r-release-linux-x86_64 | 1.10.0 | 9.60 | 94.41 | 104.01 | NOTE | |
r-release-macos-arm64 | 1.10.0 | 64.00 | NOTE | |||
r-release-macos-x86_64 | 1.10.0 | 107.00 | NOTE | |||
r-release-windows-x86_64 | 1.10.0 | 14.00 | 135.00 | 149.00 | NOTE | |
r-oldrel-macos-arm64 | 1.10.0 | 66.00 | OK | |||
r-oldrel-macos-x86_64 | 1.10.0 | 96.00 | OK | |||
r-oldrel-windows-x86_64 | 1.10.0 | 16.00 | 157.00 | 173.00 | OK |
Version: 1.10.0
Check: Rd files
Result: NOTE
checkRd: (-1) create_tabular_dataset_from_delimited_files.Rd:44: Lost braces; missing escapes or markup?
44 | format '{x}' and datetime column from format '{x:yyyy/MM/dd/HH/mm/ss}', where 'yyyy', 'MM',
| ^
checkRd: (-1) create_tabular_dataset_from_delimited_files.Rd:44: Lost braces; missing escapes or markup?
44 | format '{x}' and datetime column from format '{x:yyyy/MM/dd/HH/mm/ss}', where 'yyyy', 'MM',
| ^
checkRd: (-1) create_tabular_dataset_from_delimited_files.Rd:48: Lost braces; missing escapes or markup?
48 | we can define '/{Country}/{PartitionDate:yyyy/MM/dd}/data.csv' to create columns 'Country'
| ^
checkRd: (-1) create_tabular_dataset_from_delimited_files.Rd:48: Lost braces; missing escapes or markup?
48 | we can define '/{Country}/{PartitionDate:yyyy/MM/dd}/data.csv' to create columns 'Country'
| ^
checkRd: (-1) create_tabular_dataset_from_json_lines_files.Rd:32: Lost braces; missing escapes or markup?
32 | format '{x}' and datetime column from format '{x:yyyy/MM/dd/HH/mm/ss}', where 'yyyy', 'MM',
| ^
checkRd: (-1) create_tabular_dataset_from_json_lines_files.Rd:32: Lost braces; missing escapes or markup?
32 | format '{x}' and datetime column from format '{x:yyyy/MM/dd/HH/mm/ss}', where 'yyyy', 'MM',
| ^
checkRd: (-1) create_tabular_dataset_from_json_lines_files.Rd:36: Lost braces; missing escapes or markup?
36 | we can define '/{Country}/{PartitionDate:yyyy/MM/dd}/data.csv' to create columns 'Country'
| ^
checkRd: (-1) create_tabular_dataset_from_json_lines_files.Rd:36: Lost braces; missing escapes or markup?
36 | we can define '/{Country}/{PartitionDate:yyyy/MM/dd}/data.csv' to create columns 'Country'
| ^
checkRd: (-1) create_tabular_dataset_from_parquet_files.Rd:31: Lost braces; missing escapes or markup?
31 | format '{x}' and datetime column from format '{x:yyyy/MM/dd/HH/mm/ss}', where 'yyyy', 'MM',
| ^
checkRd: (-1) create_tabular_dataset_from_parquet_files.Rd:31: Lost braces; missing escapes or markup?
31 | format '{x}' and datetime column from format '{x:yyyy/MM/dd/HH/mm/ss}', where 'yyyy', 'MM',
| ^
checkRd: (-1) create_tabular_dataset_from_parquet_files.Rd:35: Lost braces; missing escapes or markup?
35 | we can define '/{Country}/{PartitionDate:yyyy/MM/dd}/data.csv' to create columns 'Country'
| ^
checkRd: (-1) create_tabular_dataset_from_parquet_files.Rd:35: Lost braces; missing escapes or markup?
35 | we can define '/{Country}/{PartitionDate:yyyy/MM/dd}/data.csv' to create columns 'Country'
| ^
checkRd: (-1) get_run_metrics.Rd:20: Lost braces
20 | \item{recursive}{If specified, returns runs matching specified \emph{"property"} or {\emph{"property"}: \emph{"value"}}.}
| ^
checkRd: (-1) submit_child_run.Rd:14: Lost braces; missing escapes or markup?
14 | \item{tags}{Tags to be added to the submitted run, e.g., {"tag": "value"}.}
| ^
Flavors: r-devel-linux-x86_64-debian-clang, r-devel-linux-x86_64-debian-gcc, r-devel-linux-x86_64-fedora-clang, r-devel-linux-x86_64-fedora-gcc, r-devel-macos-arm64, r-devel-macos-x86_64, r-devel-windows-x86_64, r-patched-linux-x86_64, r-release-linux-x86_64, r-release-macos-arm64, r-release-macos-x86_64, r-release-windows-x86_64
These binaries (installable software) and packages are in development.
They may not be fully stable and should be used with caution. We make no claims about them.
Health stats visible at Monitor.