Last updated on 2024-05-02 09:51:24 CEST.
Flavor | Version | Tinstall | Tcheck | Ttotal | Status | Flags |
---|---|---|---|---|---|---|
r-devel-linux-x86_64-debian-clang | 1.4.5 | 95.72 | 273.35 | 369.07 | WARN | |
r-devel-linux-x86_64-debian-gcc | 1.4.5 | 77.46 | 209.69 | 287.15 | NOTE | |
r-devel-linux-x86_64-fedora-clang | 1.4.5 | 791.82 | NOTE | |||
r-devel-linux-x86_64-fedora-gcc | 1.4.5 | 972.81 | NOTE | |||
r-devel-windows-x86_64 | 1.4.5 | 75.00 | 161.00 | 236.00 | NOTE | |
r-patched-linux-x86_64 | 1.4.5 | 104.61 | 203.97 | 308.58 | NOTE | |
r-release-linux-x86_64 | 1.4.5 | 98.16 | 190.90 | 289.06 | NOTE | |
r-release-macos-arm64 | 1.4.5 | 702.00 | NOTE | |||
r-release-windows-x86_64 | 1.4.5 | 78.00 | 165.00 | 243.00 | NOTE | |
r-oldrel-macos-arm64 | 1.4.5 | 1137.00 | NOTE | |||
r-oldrel-macos-x86_64 | 1.4.5 | 1803.00 | NOTE | |||
r-oldrel-windows-x86_64 | 1.4.5 | 96.00 | 176.00 | 272.00 | NOTE |
Version: 1.4.5
Check: whether package can be installed
Result: WARN
Found the following significant warnings:
autocart.cpp:71:10: warning: using integer absolute value function 'abs' when argument is of floating point type [-Wabsolute-value]
autocart.cpp:71:42: warning: using integer absolute value function 'abs' when argument is of floating point type [-Wabsolute-value]
See ‘/home/hornik/tmp/R.check/r-devel-clang/Work/PKGS/autocart.Rcheck/00install.out’ for details.
* used C++ compiler: ‘Debian clang version 18.1.4 (1)’
Flavor: r-devel-linux-x86_64-debian-clang
Version: 1.4.5
Check: C++ specification
Result: NOTE
Specified C++11: please drop specification unless essential
Flavors: r-devel-linux-x86_64-debian-clang, r-devel-linux-x86_64-debian-gcc, r-devel-linux-x86_64-fedora-clang, r-devel-linux-x86_64-fedora-gcc, r-devel-windows-x86_64, r-patched-linux-x86_64, r-release-linux-x86_64, r-release-macos-arm64, r-release-windows-x86_64, r-oldrel-macos-arm64, r-oldrel-macos-x86_64, r-oldrel-windows-x86_64
Version: 1.4.5
Check: for GNU extensions in Makefiles
Result: NOTE
GNU make is a SystemRequirements.
Flavors: r-devel-linux-x86_64-debian-clang, r-devel-linux-x86_64-debian-gcc, r-devel-linux-x86_64-fedora-clang, r-devel-linux-x86_64-fedora-gcc, r-devel-windows-x86_64, r-patched-linux-x86_64, r-release-linux-x86_64, r-release-macos-arm64, r-release-windows-x86_64, r-oldrel-macos-arm64, r-oldrel-macos-x86_64, r-oldrel-windows-x86_64
Version: 1.4.5
Check: re-building of vignette outputs
Result: NOTE
Re-building vignettes had CPU time 3.7 times elapsed time
Flavor: r-devel-linux-x86_64-debian-clang
Version: 1.4.5
Check: re-building of vignette outputs
Result: NOTE
Re-building vignettes had CPU time 2.7 times elapsed time
Flavor: r-devel-linux-x86_64-debian-gcc
Version: 1.4.5
Check: re-building of vignette outputs
Result: NOTE
Re-building vignettes had CPU time 3 times elapsed time
Flavor: r-patched-linux-x86_64
Version: 1.4.5
Check: re-building of vignette outputs
Result: NOTE
Re-building vignettes had CPU time 3.4 times elapsed time
Flavor: r-release-linux-x86_64
These binaries (installable software) and packages are in development.
They may not be fully stable and should be used with caution. We make no claims about them.
Health stats visible at Monitor.