Last updated on 2025-02-02 05:48:18 CET.
Flavor | Version | Tinstall | Tcheck | Ttotal | Status | Flags |
---|---|---|---|---|---|---|
r-devel-linux-x86_64-debian-clang | 0.1-11 | 5.95 | 20.90 | 26.85 | NOTE | |
r-devel-linux-x86_64-debian-gcc | 0.1-11 | 4.82 | 17.52 | 22.34 | NOTE | |
r-devel-linux-x86_64-fedora-clang | 0.1-11 | 43.96 | NOTE | |||
r-devel-linux-x86_64-fedora-gcc | 0.1-11 | 42.83 | NOTE | |||
r-devel-windows-x86_64 | 0.1-11 | 10.00 | 47.00 | 57.00 | NOTE | |
r-patched-linux-x86_64 | 0.1-11 | 4.75 | 19.66 | 24.41 | NOTE | |
r-release-linux-x86_64 | 0.1-11 | 4.52 | 19.81 | 24.33 | NOTE | |
r-release-macos-arm64 | 0.1-11 | 30.00 | NOTE | |||
r-release-macos-x86_64 | 0.1-11 | 29.00 | NOTE | |||
r-release-windows-x86_64 | 0.1-11 | 10.00 | 39.00 | 49.00 | NOTE | |
r-oldrel-macos-arm64 | 0.1-11 | 25.00 | OK | |||
r-oldrel-macos-x86_64 | 0.1-11 | 48.00 | OK | |||
r-oldrel-windows-x86_64 | 0.1-11 | 10.00 | 41.00 | 51.00 | OK |
Version: 0.1-11
Check: Rd files
Result: NOTE
checkRd: (-1) audioSample.Rd:20: Lost braces in \itemize; meant \describe ?
checkRd: (-1) audioSample.Rd:21: Lost braces in \itemize; meant \describe ?
Flavors: r-devel-linux-x86_64-debian-clang, r-devel-linux-x86_64-debian-gcc, r-devel-linux-x86_64-fedora-clang, r-devel-linux-x86_64-fedora-gcc, r-devel-windows-x86_64, r-patched-linux-x86_64, r-release-linux-x86_64, r-release-macos-arm64, r-release-macos-x86_64, r-release-windows-x86_64
Version: 0.1-11
Check: compiled code
Result: NOTE
File ‘audio/libs/audio.so’:
Found non-API call to R: ‘R_checkActivity’
Compiled code should not call non-API entry points in R.
See ‘Writing portable packages’ in the ‘Writing R Extensions’ manual,
and section ‘Moving into C API compliance’ for issues with the use of
non-API entry points.
Flavors: r-devel-linux-x86_64-debian-clang, r-devel-linux-x86_64-debian-gcc, r-devel-linux-x86_64-fedora-clang, r-devel-linux-x86_64-fedora-gcc
Version: 0.1-11
Check: compiled code
Result: NOTE
File ‘audio/libs/audio.so’:
Found non-API call to R: ‘R_checkActivity’
Compiled code should not call non-API entry points in R.
See ‘Writing portable packages’ in the ‘Writing R Extensions’ manual.
Flavors: r-patched-linux-x86_64, r-release-linux-x86_64
These binaries (installable software) and packages are in development.
They may not be fully stable and should be used with caution. We make no claims about them.
Health stats visible at Monitor.