Last updated on 2025-02-23 19:50:59 CET.
Flavor | Version | Tinstall | Tcheck | Ttotal | Status | Flags |
---|---|---|---|---|---|---|
r-devel-linux-x86_64-debian-clang | 1.4.3 | 35.85 | 150.43 | 186.28 | NOTE | |
r-devel-linux-x86_64-debian-gcc | 1.4.3 | 24.61 | 101.67 | 126.28 | NOTE | |
r-devel-linux-x86_64-fedora-clang | 1.4.3 | 330.07 | NOTE | |||
r-devel-linux-x86_64-fedora-gcc | 1.4.3 | 316.42 | NOTE | |||
r-devel-macos-arm64 | 1.4.3 | 91.00 | NOTE | |||
r-devel-macos-x86_64 | 1.4.3 | 171.00 | NOTE | |||
r-devel-windows-x86_64 | 1.4.3 | 44.00 | 164.00 | 208.00 | NOTE | |
r-patched-linux-x86_64 | 1.4.3 | 39.24 | 138.50 | 177.74 | NOTE | |
r-release-linux-x86_64 | 1.4.3 | 36.73 | 140.11 | 176.84 | NOTE | |
r-release-macos-arm64 | 1.4.3 | 52.00 | NOTE | |||
r-release-macos-x86_64 | 1.4.3 | 113.00 | NOTE | |||
r-release-windows-x86_64 | 1.4.3 | 43.00 | 153.00 | 196.00 | NOTE | |
r-oldrel-macos-arm64 | 1.4.3 | 64.00 | NOTE | |||
r-oldrel-macos-x86_64 | 1.4.3 | 102.00 | NOTE | |||
r-oldrel-windows-x86_64 | 1.4.3 | 53.00 | 200.00 | 253.00 | NOTE |
Version: 1.4.3
Check: C++ specification
Result: NOTE
Specified C++11: please drop specification unless essential
Flavors: r-devel-linux-x86_64-debian-clang, r-devel-linux-x86_64-debian-gcc, r-devel-linux-x86_64-fedora-clang, r-devel-linux-x86_64-fedora-gcc, r-devel-macos-arm64, r-devel-macos-x86_64, r-devel-windows-x86_64, r-patched-linux-x86_64, r-release-linux-x86_64, r-release-macos-arm64, r-release-macos-x86_64, r-release-windows-x86_64, r-oldrel-macos-arm64, r-oldrel-macos-x86_64, r-oldrel-windows-x86_64
Version: 1.4.3
Check: Rd files
Result: NOTE
checkRd: (-1) readOEM.Rd:34: Lost braces
34 | always, the identifier has the format YYYY-NNNP{PP}, where YYYY is the year
| ^
checkRd: (-1) readOEM.Rd:36: Lost braces
36 | during year YYYY and P{PP} is a part specifier comprising 1 to 3 capital letters
| ^
checkRd: (-1) readOEM.Rd:74-75: Lost braces in \itemize; \value handles \item{}{} directly
checkRd: (-1) readOEM.Rd:76-79: Lost braces in \itemize; \value handles \item{}{} directly
checkRd: (-1) readOEM.Rd:80-86: Lost braces in \itemize; \value handles \item{}{} directly
Flavors: r-devel-linux-x86_64-debian-clang, r-devel-linux-x86_64-debian-gcc, r-devel-linux-x86_64-fedora-clang, r-devel-linux-x86_64-fedora-gcc, r-devel-macos-arm64, r-devel-macos-x86_64, r-devel-windows-x86_64, r-patched-linux-x86_64, r-release-linux-x86_64, r-release-macos-arm64, r-release-macos-x86_64, r-release-windows-x86_64
Version: 1.4.3
Check: Rd cross-references
Result: NOTE
Found the following Rd file(s) with Rd \link{} targets missing package
anchors:
hpop.Rd: ode
readGLONASSNavigationRINEX.Rd: nanotime
readGPSNavigationRINEX.Rd: nanotime
Please provide package anchors for all Rd \link{} targets not in the
package itself and the base packages.
Flavors: r-devel-linux-x86_64-debian-clang, r-devel-linux-x86_64-debian-gcc, r-devel-windows-x86_64
Version: 1.4.3
Check: package dependencies
Result: NOTE
Package suggested but not available for checking: ‘asteRiskData’
Flavors: r-patched-linux-x86_64, r-release-linux-x86_64, r-release-macos-arm64, r-release-macos-x86_64, r-release-windows-x86_64, r-oldrel-macos-arm64, r-oldrel-macos-x86_64, r-oldrel-windows-x86_64
Version: 1.4.3
Check: for GNU extensions in Makefiles
Result: NOTE
GNU make is a SystemRequirements.
Flavors: r-patched-linux-x86_64, r-release-linux-x86_64, r-release-macos-arm64, r-release-macos-x86_64, r-release-windows-x86_64, r-oldrel-macos-arm64, r-oldrel-macos-x86_64, r-oldrel-windows-x86_64
Version: 1.4.3
Check: installed package size
Result: NOTE
installed size is 5.8Mb
sub-directories of 1Mb or more:
doc 2.6Mb
libs 1.6Mb
Flavors: r-release-macos-arm64, r-release-macos-x86_64, r-release-windows-x86_64, r-oldrel-macos-arm64, r-oldrel-macos-x86_64, r-oldrel-windows-x86_64
These binaries (installable software) and packages are in development.
They may not be fully stable and should be used with caution. We make no claims about them.
Health stats visible at Monitor.