Last updated on 2025-10-30 19:53:19 CET.
| Flavor | Version | Tinstall | Tcheck | Ttotal | Status | Flags | 
|---|---|---|---|---|---|---|
| r-devel-linux-x86_64-debian-clang | 1.4.4 | 53.37 | 175.24 | 228.61 | OK | |
| r-devel-linux-x86_64-debian-gcc | 1.4.4 | 38.49 | 116.91 | 155.40 | OK | |
| r-devel-linux-x86_64-fedora-clang | 1.4.4 | 198.00 | 213.44 | 411.44 | OK | |
| r-devel-linux-x86_64-fedora-gcc | 1.4.4 | 96.00 | 273.87 | 369.87 | OK | |
| r-devel-windows-x86_64 | 1.4.4 | 66.00 | 180.00 | 246.00 | OK | |
| r-patched-linux-x86_64 | 1.4.4 | 55.98 | 166.75 | 222.73 | OK | |
| r-release-linux-x86_64 | 1.4.4 | 54.10 | 171.14 | 225.24 | OK | |
| r-release-macos-arm64 | 1.4.4 | 26.00 | 79.00 | 105.00 | OK | |
| r-release-macos-x86_64 | 1.4.4 | 48.00 | 161.00 | 209.00 | OK | |
| r-release-windows-x86_64 | 1.4.4 | 65.00 | 178.00 | 243.00 | OK | |
| r-oldrel-macos-arm64 | 1.4.4 | 27.00 | 84.00 | 111.00 | NOTE | |
| r-oldrel-macos-x86_64 | 1.4.4 | 46.00 | 171.00 | 217.00 | NOTE | |
| r-oldrel-windows-x86_64 | 1.4.4 | 83.00 | 235.00 | 318.00 | NOTE | 
Version: 1.4.4
Check: package dependencies
Result: NOTE
  Package suggested but not available for checking: ‘asteRiskData’
Flavors: r-oldrel-macos-arm64, r-oldrel-macos-x86_64, r-oldrel-windows-x86_64
Version: 1.4.4
Check: installed package size
Result: NOTE
    installed size is  7.9Mb
    sub-directories of 1Mb or more:
      libs   4.6Mb
Flavors: r-oldrel-macos-arm64, r-oldrel-macos-x86_64
Version: 1.4.4
Check: for GNU extensions in Makefiles
Result: NOTE
  GNU make is a SystemRequirements.
Flavors: r-oldrel-macos-arm64, r-oldrel-macos-x86_64, r-oldrel-windows-x86_64
These binaries (installable software) and packages are in development.
They may not be fully stable and should be used with caution. We make no claims about them.
Health stats visible at Monitor.