Last updated on 2025-02-08 19:49:14 CET.
Flavor | Version | Tinstall | Tcheck | Ttotal | Status | Flags |
---|---|---|---|---|---|---|
r-devel-linux-x86_64-debian-clang | 0.1.2 | 17.77 | 146.81 | 164.58 | NOTE | |
r-devel-linux-x86_64-debian-gcc | 0.1.2 | 13.44 | 117.40 | 130.84 | NOTE | |
r-devel-linux-x86_64-fedora-clang | 0.1.2 | 258.39 | NOTE | |||
r-devel-linux-x86_64-fedora-gcc | 0.1.2 | 255.91 | NOTE | |||
r-devel-windows-x86_64 | 0.1.2 | 16.00 | 139.00 | 155.00 | NOTE | |
r-patched-linux-x86_64 | 0.1.2 | 21.92 | 142.13 | 164.05 | NOTE | |
r-release-linux-x86_64 | 0.1.2 | 15.12 | 141.80 | 156.92 | NOTE | |
r-release-macos-arm64 | 0.1.2 | 65.00 | NOTE | |||
r-release-macos-x86_64 | 0.1.2 | 100.00 | NOTE | |||
r-release-windows-x86_64 | 0.1.2 | 18.00 | 135.00 | 153.00 | NOTE | |
r-oldrel-macos-arm64 | 0.1.2 | 72.00 | OK | |||
r-oldrel-macos-x86_64 | 0.1.2 | 104.00 | OK | |||
r-oldrel-windows-x86_64 | 0.1.2 | 21.00 | 164.00 | 185.00 | OK |
Version: 0.1.2
Check: Rd files
Result: NOTE
checkRd: (-1) convertAlgoPerfToWideFormat.Rd:28: Lost braces
28 | code{NA} means the performance value is not available, possibly because the algorithm run was aborted.
| ^
checkRd: (-1) parseASScenario.Rd:40: Lost braces
40 | code{NA} means the cost is not available, possibly because the feature computation was aborted.
| ^
checkRd: (-1) parseASScenario.Rd:47: Lost braces
47 | code{NA} means the cost is not available, possibly because the feature computation was aborted.
| ^
checkRd: (-1) parseASScenario.Rd:55: Lost braces
55 | code{NA} means the feature is not available, possibly because the feature computation was aborted.
| ^
checkRd: (-1) parseASScenario.Rd:62: Lost braces
62 | code{NA} means the feature is not available, possibly because the feature computation was aborted.
| ^
Flavors: r-devel-linux-x86_64-debian-clang, r-devel-linux-x86_64-debian-gcc, r-devel-linux-x86_64-fedora-clang, r-devel-linux-x86_64-fedora-gcc, r-devel-windows-x86_64, r-patched-linux-x86_64, r-release-linux-x86_64, r-release-macos-arm64, r-release-macos-x86_64, r-release-windows-x86_64
Version: 0.1.2
Check: Rd cross-references
Result: NOTE
Found the following Rd file(s) with Rd \link{} targets missing package
anchors:
createCVSplits.Rd: write.arff
summarizeLlamaExps.Rd: Registry, reduceResultsList
Please provide package anchors for all Rd \link{} targets not in the
package itself and the base packages.
Flavors: r-devel-linux-x86_64-debian-clang, r-devel-linux-x86_64-debian-gcc, r-devel-windows-x86_64
These binaries (installable software) and packages are in development.
They may not be fully stable and should be used with caution. We make no claims about them.
Health stats visible at Monitor.