Last updated on 2024-05-02 11:51:14 CEST.
Flavor | Version | Tinstall | Tcheck | Ttotal | Status | Flags |
---|---|---|---|---|---|---|
r-devel-linux-x86_64-debian-clang | 15.0.1 | 4276.14 | 305.90 | 4582.04 | NOTE | |
r-devel-linux-x86_64-debian-gcc | 15.0.1 | 3755.79 | 214.78 | 3970.57 | NOTE | |
r-devel-linux-x86_64-fedora-clang | 15.0.1 | 6109.10 | NOTE | |||
r-devel-linux-x86_64-fedora-gcc | 15.0.1 | 5965.14 | NOTE | |||
r-devel-windows-x86_64 | 15.0.1 | 453.00 | 590.00 | 1043.00 | NOTE | |
r-patched-linux-x86_64 | 15.0.1 | 4589.22 | 292.02 | 4881.24 | OK | |
r-release-linux-x86_64 | 15.0.1 | 4567.84 | 297.79 | 4865.63 | OK | |
r-release-macos-arm64 | 15.0.1 | 547.00 | ERROR | |||
r-release-macos-x86_64 | 15.0.1 | 216.00 | ERROR | |||
r-release-windows-x86_64 | 15.0.1 | 464.00 | 596.00 | 1060.00 | NOTE | |
r-oldrel-macos-arm64 | 15.0.1 | 840.00 | NOTE | |||
r-oldrel-macos-x86_64 | 15.0.1 | 1382.00 | NOTE | |||
r-oldrel-windows-x86_64 | 15.0.1 | 512.00 | 793.00 | 1305.00 | NOTE |
Version: 15.0.1
Check: compiled code
Result: NOTE
File ‘arrow/libs/arrow.so’:
Found non-API calls to R: ‘SETLENGTH’, ‘SET_TRUELENGTH’
Compiled code should not call non-API entry points in R.
See ‘Writing portable packages’ in the ‘Writing R Extensions’ manual.
Flavors: r-devel-linux-x86_64-debian-clang, r-devel-linux-x86_64-debian-gcc, r-devel-linux-x86_64-fedora-clang, r-devel-linux-x86_64-fedora-gcc
Version: 15.0.1
Check: installed package size
Result: NOTE
installed size is 48.3Mb
sub-directories of 1Mb or more:
R 4.3Mb
libs 43.4Mb
Flavors: r-devel-linux-x86_64-fedora-clang, r-devel-windows-x86_64, r-release-windows-x86_64, r-oldrel-macos-arm64, r-oldrel-macos-x86_64, r-oldrel-windows-x86_64
Version: 15.0.1
Check: Rd cross-references
Result: NOTE
Undeclared package ‘readr’ in Rd xrefs
Flavor: r-devel-linux-x86_64-fedora-clang
Version: 15.0.1
Check: compiled code
Result: NOTE
File 'arrow/libs/x64/arrow.dll':
Found non-API calls to R: 'SETLENGTH', 'SET_TRUELENGTH'
Compiled code should not call non-API entry points in R.
See 'Writing portable packages' in the 'Writing R Extensions' manual.
Flavor: r-devel-windows-x86_64
Version: 15.0.1
Check: whether package can be installed
Result: ERROR
Installation failed.
Flavors: r-release-macos-arm64, r-release-macos-x86_64
These binaries (installable software) and packages are in development.
They may not be fully stable and should be used with caution. We make no claims about them.
Health stats visible at Monitor.