Last updated on 2024-05-02 13:49:49 CEST.
Flavor | Version | Tinstall | Tcheck | Ttotal | Status | Flags |
---|---|---|---|---|---|---|
r-devel-linux-x86_64-debian-clang | 1.3.4 | 16.67 | 138.20 | 154.87 | OK | |
r-devel-linux-x86_64-debian-gcc | 1.3.4 | 13.70 | 105.12 | 118.82 | ERROR | |
r-devel-linux-x86_64-fedora-clang | 1.3.4 | 197.97 | OK | |||
r-devel-linux-x86_64-fedora-gcc | 1.3.4 | 196.45 | OK | |||
r-devel-windows-x86_64 | 1.3.4 | 15.00 | 111.00 | 126.00 | OK | |
r-patched-linux-x86_64 | 1.3.4 | 16.71 | 133.46 | 150.17 | OK | |
r-release-linux-x86_64 | 1.3.4 | 10.56 | 135.32 | 145.88 | OK | |
r-release-macos-arm64 | 1.3.4 | 62.00 | ERROR | |||
r-release-macos-x86_64 | 1.3.4 | 149.00 | OK | |||
r-release-windows-x86_64 | 1.3.4 | 14.00 | 111.00 | 125.00 | OK | |
r-oldrel-macos-arm64 | 1.3.4 | 92.00 | OK | |||
r-oldrel-macos-x86_64 | 1.3.4 | 139.00 | OK | |||
r-oldrel-windows-x86_64 | 1.3.4 | 19.00 | 137.00 | 156.00 | OK |
Version: 1.3.4
Check: tests
Result: ERROR
Running ‘testthat.R’ [5s/9s]
Running the tests in ‘tests/testthat.R’ failed.
Complete output:
> library(testthat)
> library(archeoViz)
>
> test_check("archeoViz")
10 X squares, but 9 labels provided: 1, 2, 3, 4, 5, 6, 7, 8, 9.
100 X squares, but 10 labels provided: 1, 2, 3, 4, 5, 6, 7, 8, 9, 10.
[ FAIL 1 | WARN 0 | SKIP 0 | PASS 82 ]
══ Failed tests ════════════════════════════════════════════════════════════════
── Failure ('test.do_section_plot.R:105:3'): .do_section_plot: Altitude values ──
fig.y$x$layoutAttrs[[1]]$yaxis$range[2] is not strictly less than 200. Difference: 9
[ FAIL 1 | WARN 0 | SKIP 0 | PASS 82 ]
Error: Test failures
Execution halted
Flavor: r-devel-linux-x86_64-debian-gcc
Version: 1.3.4
Check: tests
Result: ERROR
Running ‘testthat.R’ [2s/2s]
Running the tests in ‘tests/testthat.R’ failed.
Last 13 lines of output:
>
> test_check("archeoViz")
10 X squares, but 9 labels provided: 1, 2, 3, 4, 5, 6, 7, 8, 9.
100 X squares, but 10 labels provided: 1, 2, 3, 4, 5, 6, 7, 8, 9, 10.
[ FAIL 1 | WARN 0 | SKIP 0 | PASS 82 ]
══ Failed tests ════════════════════════════════════════════════════════════════
── Failure ('test.do_section_plot.R:105:3'): .do_section_plot: Altitude values ──
fig.y$x$layoutAttrs[[1]]$yaxis$range[2] is not strictly less than 200. Difference: 2
[ FAIL 1 | WARN 0 | SKIP 0 | PASS 82 ]
Error: Test failures
Execution halted
Flavor: r-release-macos-arm64
These binaries (installable software) and packages are in development.
They may not be fully stable and should be used with caution. We make no claims about them.
Health stats visible at Monitor.