CRAN Package Check Results for Package apsimx

Last updated on 2025-07-11 01:48:35 CEST.

Flavor Version Tinstall Tcheck Ttotal Status Flags
r-devel-linux-x86_64-debian-clang 2.8.235 26.07 214.76 240.83 OK
r-devel-linux-x86_64-debian-gcc 2.8.235 14.98 145.71 160.69 OK
r-devel-linux-x86_64-fedora-clang 2.8.235 374.92 OK
r-devel-linux-x86_64-fedora-gcc 2.8.235 366.69 OK
r-devel-windows-x86_64 2.8.235 26.00 209.00 235.00 OK
r-patched-linux-x86_64 2.8.235 25.59 200.95 226.54 OK
r-release-linux-x86_64 2.8.235 21.34 201.16 222.50 OK
r-release-macos-arm64 2.8.235 145.00 OK
r-release-macos-x86_64 2.8.235 241.00 OK
r-release-windows-x86_64 2.8.235 29.00 217.00 246.00 OK
r-oldrel-macos-arm64 2.8.235 110.00 NOTE
r-oldrel-macos-x86_64 2.8.235 266.00 NOTE
r-oldrel-windows-x86_64 2.8.235 34.00 273.00 307.00 NOTE

Check Details

Version: 2.8.235
Check: installed package size
Result: NOTE installed size is 7.0Mb sub-directories of 1Mb or more: extdata 5.3Mb Flavors: r-oldrel-macos-arm64, r-oldrel-macos-x86_64, r-oldrel-windows-x86_64

These binaries (installable software) and packages are in development.
They may not be fully stable and should be used with caution. We make no claims about them.
Health stats visible at Monitor.