Last updated on 2024-05-02 04:00:06 CEST.
Flavor | Version | Tinstall | Tcheck | Ttotal | Status | Flags |
---|---|---|---|---|---|---|
r-devel-linux-x86_64-debian-clang | 0.1.1 | 13.79 | 114.97 | 128.76 | OK | |
r-devel-linux-x86_64-debian-gcc | 0.1.1 | 9.84 | 85.14 | 94.98 | OK | |
r-devel-linux-x86_64-fedora-clang | 0.1.1 | 159.38 | OK | |||
r-devel-linux-x86_64-fedora-gcc | 0.1.1 | 149.14 | OK | |||
r-devel-windows-x86_64 | 0.1.1 | 14.00 | 116.00 | 130.00 | OK | |
r-patched-linux-x86_64 | 0.1.0 | 12.15 | 174.94 | 187.09 | ERROR | |
r-release-linux-x86_64 | 0.1.1 | 12.88 | 108.25 | 121.13 | OK | |
r-release-macos-arm64 | 0.1.1 | 47.00 | OK | |||
r-release-macos-x86_64 | 0.1.1 | 129.00 | OK | |||
r-release-windows-x86_64 | 0.1.1 | 12.00 | 100.00 | 112.00 | OK | |
r-oldrel-macos-arm64 | 0.1.1 | 57.00 | OK | |||
r-oldrel-macos-x86_64 | 0.1.1 | 116.00 | OK | |||
r-oldrel-windows-x86_64 | 0.1.1 | 15.00 | 123.00 | 138.00 | OK |
Version: 0.1.0
Check: tests
Result: ERROR
Running ‘spelling.R’ [0s/0s]
Running ‘testthat.R’ [11s/13s]
Running the tests in ‘tests/testthat.R’ failed.
Complete output:
> library(testthat)
> library(applicable)
Loading required package: ggplot2
>
> test_check("applicable")
Loading required package: dplyr
Attaching package: 'dplyr'
The following object is masked from 'package:testthat':
matches
The following objects are masked from 'package:stats':
filter, lag
The following objects are masked from 'package:base':
intersect, setdiff, setequal, union
Attaching package: 'recipes'
The following object is masked from 'package:stats':
step
Attaching package: 'proxyC'
The following object is masked from 'package:stats':
dist
[ FAIL 1 | WARN 0 | SKIP 22 | PASS 92 ]
══ Skipped tests (22) ══════════════════════════════════════════════════════════
• On CRAN (22): 'test-hat_values-fit.R:15:3', 'test-hat_values-fit.R:21:3',
'test-hat_values-fit.R:111:3', 'test-hat_values-fit.R:123:3',
'test-hat_values-score.R:2:3', 'test-hat_values-score.R:9:3',
'test-hat_values-score.R:17:3', 'test-isolation-fit.R:38:3',
'test-misc.R:3:3', 'test-pca-fit.R:21:3', 'test-pca-fit.R:27:3',
'test-pca-score.R:2:3', 'test-pca-score.R:9:3', 'test-pca-score.R:17:3',
'test-print.R:4:3', 'test-print.R:36:3', 'test-similarity.R:117:3',
'test-similarity.R:128:3', 'test-similarity.R:147:3',
'test-similarity.R:171:3', 'test-similarity.R:186:3',
'test-similarity.R:202:3'
══ Failed tests ════════════════════════════════════════════════════════════════
── Failure ('test-isolation-fit.R:29:3'): model fitting for isolation forests ──
res_rec$model$params$ndim (`actual`) not equal to 2 (`expected`).
`actual`: 1
`expected`: 2
[ FAIL 1 | WARN 0 | SKIP 22 | PASS 92 ]
Error: Test failures
Execution halted
Flavor: r-patched-linux-x86_64
These binaries (installable software) and packages are in development.
They may not be fully stable and should be used with caution. We make no claims about them.
Health stats visible at Monitor.