Last updated on 2025-05-17 09:49:05 CEST.
Flavor | Version | Tinstall | Tcheck | Ttotal | Status | Flags |
---|---|---|---|---|---|---|
r-devel-linux-x86_64-debian-clang | 1.0.0 | 10.89 | 81.97 | 92.86 | OK | |
r-devel-linux-x86_64-debian-gcc | 1.0.0 | 7.01 | 56.49 | 63.50 | WARN | |
r-devel-linux-x86_64-fedora-clang | 2.0.0 | 140.09 | OK | |||
r-devel-linux-x86_64-fedora-gcc | 1.0.0 | 152.26 | WARN | |||
r-devel-windows-x86_64 | 1.0.0 | 12.00 | 90.00 | 102.00 | OK | |
r-patched-linux-x86_64 | 1.0.0 | 9.59 | 75.50 | 85.09 | OK | |
r-release-linux-x86_64 | 1.0.0 | 9.91 | 74.28 | 84.19 | OK | |
r-release-macos-arm64 | 2.0.0 | 41.00 | OK | |||
r-release-macos-x86_64 | 1.0.0 | 89.00 | OK | |||
r-release-windows-x86_64 | 2.0.0 | 13.00 | 102.00 | 115.00 | OK | |
r-oldrel-macos-arm64 | 2.0.0 | 54.00 | OK | |||
r-oldrel-macos-x86_64 | 1.0.0 | 63.00 | OK | |||
r-oldrel-windows-x86_64 | 1.0.0 | 15.00 | 104.00 | 119.00 | OK |
Version: 1.0.0
Check: dependencies in R code
Result: WARN
Missing or unexported objects:
‘episensr::misclassification’ ‘episensr::misclassification.cov’
‘episensr::probsens.conf’
Flavors: r-devel-linux-x86_64-debian-gcc, r-devel-linux-x86_64-fedora-gcc
These binaries (installable software) and packages are in development.
They may not be fully stable and should be used with caution. We make no claims about them.
Health stats visible at Monitor.