Last updated on 2025-02-02 07:50:04 CET.
Flavor | Version | Tinstall | Tcheck | Ttotal | Status | Flags |
---|---|---|---|---|---|---|
r-devel-linux-x86_64-debian-clang | 0.3.1 | 26.71 | 37.64 | 64.35 | NOTE | |
r-devel-linux-x86_64-debian-gcc | 0.3.1 | 20.44 | 29.28 | 49.72 | NOTE | |
r-devel-linux-x86_64-fedora-clang | 0.3.1 | 124.86 | NOTE | |||
r-devel-linux-x86_64-fedora-gcc | 0.3.1 | 135.72 | NOTE | |||
r-devel-windows-x86_64 | 0.3.1 | 31.00 | 105.00 | 136.00 | OK | |
r-patched-linux-x86_64 | 0.3.1 | 25.78 | 35.24 | 61.02 | OK | |
r-release-linux-x86_64 | 0.3.1 | 25.29 | 35.66 | 60.95 | OK | |
r-release-macos-arm64 | 0.3.1 | 57.00 | OK | |||
r-release-macos-x86_64 | 0.3.1 | 156.00 | NOTE | |||
r-release-windows-x86_64 | 0.3.1 | 32.00 | 104.00 | 136.00 | OK | |
r-oldrel-macos-arm64 | 0.3.1 | 59.00 | OK | |||
r-oldrel-macos-x86_64 | 0.3.1 | 115.00 | NOTE | |||
r-oldrel-windows-x86_64 | 0.3.1 | 30.00 | 116.00 | 146.00 | OK |
Version: 0.3.1
Check: top-level files
Result: NOTE
possible bashism in configure.ac line 29 (test -a/-o):
if test [$RVER_MAJOR -lt 3] -o [$RVER_MAJOR -eq 3 -a $RVER_MINOR -lt 3]; then
Flavors: r-devel-linux-x86_64-debian-clang, r-devel-linux-x86_64-debian-gcc, r-devel-linux-x86_64-fedora-clang, r-devel-linux-x86_64-fedora-gcc
Version: 0.3.1
Check: installed package size
Result: NOTE
installed size is 5.1Mb
sub-directories of 1Mb or more:
libs 4.5Mb
Flavors: r-release-macos-x86_64, r-oldrel-macos-x86_64
These binaries (installable software) and packages are in development.
They may not be fully stable and should be used with caution. We make no claims about them.
Health stats visible at Monitor.