CRAN Package Check Results for Package aopdata

Last updated on 2025-09-23 01:49:30 CEST.

Flavor Version Tinstall Tcheck Ttotal Status Flags
r-devel-linux-x86_64-debian-clang 1.1.1 2.31 81.29 83.60 OK
r-devel-linux-x86_64-debian-gcc 1.1.1 1.88 54.85 56.73 ERROR
r-devel-linux-x86_64-fedora-clang 1.1.1 115.58 OK
r-devel-linux-x86_64-fedora-gcc 1.1.1 129.07 OK
r-devel-windows-x86_64 1.1.1 4.00 360.00 364.00 OK
r-patched-linux-x86_64 1.1.1 2.39 72.76 75.15 OK
r-release-linux-x86_64 1.1.1 2.51 72.27 74.78 OK
r-release-macos-arm64 1.1.1 221.00 OK
r-release-macos-x86_64 1.1.1 255.00 OK
r-release-windows-x86_64 1.1.1 5.00 186.00 191.00 OK
r-oldrel-macos-arm64 1.1.1 200.00 OK
r-oldrel-macos-x86_64 1.1.1 286.00 OK
r-oldrel-windows-x86_64 1.1.1 5.00 211.00 216.00 OK

Check Details

Version: 1.1.1
Check: re-building of vignette outputs
Result: ERROR Error(s) in re-building vignettes: ... --- re-building ‘access_inequality.Rmd’ using rmarkdown [WARNING] Deprecated: --highlight-style. Use --syntax-highlighting instead. --- finished re-building ‘access_inequality.Rmd’ --- re-building ‘access_maps.Rmd’ using rmarkdown [WARNING] Deprecated: --highlight-style. Use --syntax-highlighting instead. --- finished re-building ‘access_maps.Rmd’ --- re-building ‘data_dic_en.Rmd’ using rmarkdown [WARNING] Deprecated: --highlight-style. Use --syntax-highlighting instead. --- finished re-building ‘data_dic_en.Rmd’ --- re-building ‘data_dic_pt.Rmd’ using rmarkdown [WARNING] Deprecated: --highlight-style. Use --syntax-highlighting instead. --- finished re-building ‘data_dic_pt.Rmd’ --- re-building ‘intro_to_aopdata.Rmd’ using rmarkdown Download status: 0 done; 1 in progress (0 b/s). Total size: 6.72 Mb (??%)... Download status: 1 done; 0 in progress. Total size: 6.72 Mb (100%)... done! Download status: 1 done; 0 in progress. Total size: 348.97 Kb (100%)... done! Download status: 1 done; 0 in progress. Total size: 404.55 Kb (100%)... done! Download status: 1 done; 0 in progress. Total size: 1.25 Mb (360%)... done! [WARNING] Deprecated: --highlight-style. Use --syntax-highlighting instead. --- finished re-building ‘intro_to_aopdata.Rmd’ --- re-building ‘landuse_maps.Rmd’ using rmarkdown [WARNING] Deprecated: --highlight-style. Use --syntax-highlighting instead. --- finished re-building ‘landuse_maps.Rmd’ --- re-building ‘population_maps.Rmd’ using rmarkdown Quitting from population_maps.Rmd:48-55 [unnamed-chunk-4] ~~~~~~~~~~~~~~~~~~~~~~~~~~~~~~~~~~~~~~~~~~~~~~~~~~~~~~~~~~~~~~~~~~~~~~~~~~~~~~~~ <error/rlang_error> Error: ! object 'P001' not found --- Backtrace: ▆ 1. ├─ggplot2::geom_sf(...) 2. │ └─ggplot2::layer_sf(...) 3. │ └─ggplot2::layer(...) 4. │ └─ggplot2::fortify(data) 5. ├─base::subset(df, P001 > 0) 6. └─base::subset.default(df, P001 > 0) ~~~~~~~~~~~~~~~~~~~~~~~~~~~~~~~~~~~~~~~~~~~~~~~~~~~~~~~~~~~~~~~~~~~~~~~~~~~~~~~~ Error: processing vignette 'population_maps.Rmd' failed with diagnostics: object 'P001' not found --- failed re-building ‘population_maps.Rmd’ SUMMARY: processing the following file failed: ‘population_maps.Rmd’ Error: Vignette re-building failed. Execution halted Flavor: r-devel-linux-x86_64-debian-gcc

These binaries (installable software) and packages are in development.
They may not be fully stable and should be used with caution. We make no claims about them.
Health stats visible at Monitor.