Last updated on 2024-05-02 13:49:49 CEST.
Flavor | Version | Tinstall | Tcheck | Ttotal | Status | Flags |
---|---|---|---|---|---|---|
r-devel-linux-x86_64-debian-clang | 0.4-1.2 | 4.04 | 42.42 | 46.46 | NOTE | |
r-devel-linux-x86_64-debian-gcc | 0.4-1.2 | 3.01 | 30.79 | 33.80 | NOTE | |
r-devel-linux-x86_64-fedora-clang | 0.4-1.2 | 57.34 | NOTE | |||
r-devel-linux-x86_64-fedora-gcc | 0.4-1.2 | 54.53 | NOTE | |||
r-devel-windows-x86_64 | 0.4-1.2 | 5.00 | 55.00 | 60.00 | NOTE | |
r-patched-linux-x86_64 | 0.4-1.2 | 4.20 | 40.19 | 44.39 | NOTE | |
r-release-linux-x86_64 | 0.4-1.2 | 3.77 | 39.64 | 43.41 | NOTE | |
r-release-macos-arm64 | 0.4-1.2 | 19.00 | NOTE | |||
r-release-windows-x86_64 | 0.4-1.2 | 4.00 | 54.00 | 58.00 | NOTE | |
r-oldrel-macos-arm64 | 0.4-1.2 | 22.00 | OK | |||
r-oldrel-macos-x86_64 | 0.4-1.2 | 28.00 | OK | |||
r-oldrel-windows-x86_64 | 0.4-1.2 | 4.00 | 59.00 | 63.00 | OK |
Version: 0.4-1.2
Check: Rd files
Result: NOTE
checkRd: (-1) gof.Rd:32: Lost braces
32 | Assuming that the data length is \eqn{N} and the number of the parameters in the model is \eqn{p}, eqn{D} and eqn{X^2} are compared to a chi-squared distribution with \eqn{N-p} degrees of freedom.
| ^
checkRd: (-1) gof.Rd:32: Lost braces
32 | Assuming that the data length is \eqn{N} and the number of the parameters in the model is \eqn{p}, eqn{D} and eqn{X^2} are compared to a chi-squared distribution with \eqn{N-p} degrees of freedom.
| ^
checkRd: (-1) iccbin.Rd:23: Lost braces
23 | \item{m}{A vector of the numbers of successes (proportions are eqn{y = m / n}).}
| ^
checkRd: (-1) varbin.Rd:22: Lost braces
22 | \item{m}{A vector of the numbers of successes (proportions are eqn{y = m / n}).}
| ^
Flavors: r-devel-linux-x86_64-debian-clang, r-devel-linux-x86_64-debian-gcc, r-devel-linux-x86_64-fedora-clang, r-devel-linux-x86_64-fedora-gcc, r-devel-windows-x86_64, r-patched-linux-x86_64, r-release-linux-x86_64, r-release-macos-arm64, r-release-windows-x86_64
These binaries (installable software) and packages are in development.
They may not be fully stable and should be used with caution. We make no claims about them.
Health stats visible at Monitor.