Last updated on 2025-11-01 07:48:32 CET.
| Flavor | Version | Tinstall | Tcheck | Ttotal | Status | Flags |
|---|---|---|---|---|---|---|
| r-devel-linux-x86_64-debian-clang | 0.8.10-1 | 12.90 | 343.58 | 356.48 | OK | |
| r-devel-linux-x86_64-debian-gcc | 0.8.10-1 | 9.41 | 221.43 | 230.84 | OK | |
| r-devel-linux-x86_64-fedora-clang | 0.8.12 | 36.00 | 514.46 | 550.46 | OK | |
| r-devel-linux-x86_64-fedora-gcc | 0.8.10-1 | 30.00 | 332.30 | 362.30 | ERROR | |
| r-devel-windows-x86_64 | 0.8.10-1 | 21.00 | 301.00 | 322.00 | OK | |
| r-patched-linux-x86_64 | 0.8.10-1 | 13.79 | 333.00 | 346.79 | OK | |
| r-release-linux-x86_64 | 0.8.10-1 | 11.12 | 334.15 | 345.27 | OK | |
| r-release-macos-arm64 | 0.8.12 | 7.00 | 181.00 | 188.00 | OK | |
| r-release-macos-x86_64 | 0.8.12 | 15.00 | 322.00 | 337.00 | OK | |
| r-release-windows-x86_64 | 0.8.12 | 19.00 | 254.00 | 273.00 | OK | |
| r-oldrel-macos-arm64 | 0.8.12 | 7.00 | 148.00 | 155.00 | ERROR | |
| r-oldrel-macos-x86_64 | 0.8.12 | 14.00 | 319.00 | 333.00 | ERROR | |
| r-oldrel-windows-x86_64 | 0.8.12 | 29.00 | 406.00 | 435.00 | ERROR |
Version: 0.8.10-1
Check: tests
Result: ERROR
Running ‘tinytest.R’
Running the tests in ‘tests/tinytest.R’ failed.
Complete output:
>
> if ( requireNamespace("tinytest", quietly=TRUE) ){
+ library(tinytest)
+ library(anticlust)
+ tinytest::test_package("anticlust")
+ }
test-2pml.R................... 0 tests
test-2pml.R................... 0 tests
test-2pml.R................... 0 tests
test-2pml.R................... 0 tests
test-2pml.R................... 0 tests
test-2pml.R................... 0 tests
test-2pml.R................... 1 tests <1b>[0;32mOK<1b>[0m
test-2pml.R................... 2 tests <1b>[0;32mOK<1b>[0m
test-2pml.R................... 3 tests <1b>[0;32mOK<1b>[0m
test-2pml.R................... 4 tests <1b>[0;32mOK<1b>[0m
test-2pml.R................... 4 tests <1b>[0;32mOK<1b>[0m
test-2pml.R................... 4 tests <1b>[0;32mOK<1b>[0m
test-2pml.R................... 5 tests <1b>[0;32mOK<1b>[0m
test-2pml.R................... 5 tests <1b>[0;32mOK<1b>[0m
test-2pml.R................... 6 tests <1b>[0;32mOK<1b>[0m
test-2pml.R................... 7 tests <1b>[0;32mOK<1b>[0m
test-2pml.R................... 7 tests <1b>[0;32mOK<1b>[0m
test-2pml.R................... 7 tests <1b>[0;32mOK<1b>[0m
test-2pml.R................... 8 tests <1b>[0;32mOK<1b>[0m
test-2pml.R................... 9 tests <1b>[0;32mOK<1b>[0m
test-2pml.R................... 10 tests <1b>[0;32mOK<1b>[0m
test-2pml.R................... 10 tests <1b>[0;32mOK<1b>[0m
test-2pml.R................... 10 tests <1b>[0;32mOK<1b>[0m
test-2pml.R................... 10 tests <1b>[0;32mOK<1b>[0m
test-2pml.R................... 11 tests <1b>[0;32mOK<1b>[0m
test-2pml.R................... 12 tests <1b>[0;32mOK<1b>[0m
test-2pml.R................... 13 tests <1b>[0;32mOK<1b>[0m
test-2pml.R................... 13 tests <1b>[0;32mOK<1b>[0m
test-2pml.R................... 13 tests <1b>[0;32mOK<1b>[0m
test-2pml.R................... 13 tests <1b>[0;32mOK<1b>[0m
test-2pml.R................... 13 tests <1b>[0;32mOK<1b>[0m
test-2pml.R................... 13 tests <1b>[0;32mOK<1b>[0m
test-2pml.R................... 14 tests <1b>[0;32mOK<1b>[0m
test-2pml.R................... 15 tests <1b>[0;32mOK<1b>[0m
test-2pml.R................... 15 tests <1b>[0;32mOK<1b>[0m
test-2pml.R................... 15 tests <1b>[0;32mOK<1b>[0m
test-2pml.R................... 15 tests <1b>[0;32mOK<1b>[0m
test-2pml.R................... 15 tests <1b>[0;32mOK<1b>[0m
test-2pml.R................... 15 tests <1b>[0;32mOK<1b>[0m
test-2pml.R................... 16 tests <1b>[0;32mOK<1b>[0m
test-2pml.R................... 17 tests <1b>[0;32mOK<1b>[0m
test-2pml.R................... 17 tests <1b>[0;32mOK<1b>[0m
test-2pml.R................... 17 tests <1b>[0;32mOK<1b>[0m
test-2pml.R................... 17 tests <1b>[0;32mOK<1b>[0m
test-2pml.R................... 17 tests <1b>[0;32mOK<1b>[0m
test-2pml.R................... 17 tests <1b>[0;32mOK<1b>[0m
test-2pml.R................... 18 tests <1b>[0;32mOK<1b>[0m
test-2pml.R................... 18 tests <1b>[0;32mOK<1b>[0m
test-2pml.R................... 18 tests <1b>[0;32mOK<1b>[0m
test-2pml.R................... 18 tests <1b>[0;32mOK<1b>[0m
test-2pml.R................... 18 tests <1b>[0;32mOK<1b>[0m Error in init_must_link_groups(N, IDs_initial = must_link, IDs_reduced = dt$IDs, :
The must-link constraints cannot be fulfilled! I really tried.
Calls: <Anonymous> ... anticlustering -> must_link_anticlustering -> init_must_link_groups
Execution halted
Flavor: r-devel-linux-x86_64-fedora-gcc
Version: 0.8.12
Check: package dependencies
Result: NOTE
Package suggested but not available for checking: ‘gurobi’
Flavors: r-oldrel-macos-arm64, r-oldrel-macos-x86_64, r-oldrel-windows-x86_64
Version: 0.8.12
Check: re-building of vignette outputs
Result: ERROR
Error(s) in re-building vignettes:
--- re-building ‘Anticlustering_in_2025.Rmd’ using rmarkdown
--- finished re-building ‘Anticlustering_in_2025.Rmd’
--- re-building ‘Best_practices.Rmd’ using rmarkdown
--- finished re-building ‘Best_practices.Rmd’
--- re-building ‘Categorical_vars.Rmd’ using rmarkdown
Quitting from Categorical_vars.Rmd:25-31 [unnamed-chunk-2]
~~~~~~~~~~~~~~~~~~~~~~~~~~~~~~~~~~~~~~~~~~~~~~~~~~~~~~~~~~~~~~~~~~~~~~~~~~~~~~~~
<error/rlang_error>
Error:
! object 'penguins' not found
---
Backtrace:
▆
1. └─stats::na.omit(penguins)
~~~~~~~~~~~~~~~~~~~~~~~~~~~~~~~~~~~~~~~~~~~~~~~~~~~~~~~~~~~~~~~~~~~~~~~~~~~~~~~~
Error: processing vignette 'Categorical_vars.Rmd' failed with diagnostics:
object 'penguins' not found
--- failed re-building ‘Categorical_vars.Rmd’
--- re-building ‘Speeding_up_anticlustering.Rmd’ using rmarkdown
--- finished re-building ‘Speeding_up_anticlustering.Rmd’
--- re-building ‘stimulus-selection.Rmd’ using rmarkdown
--- finished re-building ‘stimulus-selection.Rmd’
SUMMARY: processing the following file failed:
‘Categorical_vars.Rmd’
Error: Vignette re-building failed.
Execution halted
Flavors: r-oldrel-macos-arm64, r-oldrel-macos-x86_64, r-oldrel-windows-x86_64
These binaries (installable software) and packages are in development.
They may not be fully stable and should be used with caution. We make no claims about them.
Health stats visible at Monitor.