Last updated on 2025-05-07 20:49:38 CEST.
Flavor | Version | Tinstall | Tcheck | Ttotal | Status | Flags |
---|---|---|---|---|---|---|
r-devel-linux-x86_64-debian-clang | 0.7.5.6 | 6.85 | 81.15 | 88.00 | NOTE | |
r-devel-linux-x86_64-debian-gcc | 0.7.5.6 | 6.40 | 62.00 | 68.40 | NOTE | |
r-devel-linux-x86_64-fedora-clang | 0.7.5.6 | 144.09 | NOTE | |||
r-devel-linux-x86_64-fedora-gcc | 0.7.5.6 | 152.69 | NOTE | |||
r-devel-windows-x86_64 | 0.7.5.6 | 9.00 | 138.00 | 147.00 | NOTE | |
r-patched-linux-x86_64 | 0.7.5.6 | 9.83 | 76.87 | 86.70 | NOTE | |
r-release-linux-x86_64 | 0.7.5.6 | 8.17 | 77.00 | 85.17 | NOTE | |
r-release-macos-arm64 | 0.7.5.6 | 61.00 | NOTE | |||
r-release-macos-x86_64 | 0.7.5.6 | 96.00 | NOTE | |||
r-release-windows-x86_64 | 0.7.5.6 | 10.00 | 136.00 | 146.00 | NOTE | |
r-oldrel-macos-arm64 | 0.7.5.6 | 49.00 | NOTE | |||
r-oldrel-macos-x86_64 | 0.7.5.6 | 74.00 | NOTE | |||
r-oldrel-windows-x86_64 | 0.7.5.6 | 13.00 | 137.00 | 150.00 | NOTE |
Version: 0.7.5.6
Check: DESCRIPTION meta-information
Result: NOTE
Author field differs from that derived from Authors@R
Author: ‘Philipp Angerer [ccp] (<https://orcid.org/0000-0002-0369-2888>, flying-sheep), Alex Wolf [ccp] (<https://orcid.org/0000-0002-8760-7838>, falexwolf), Isaac Virshup [ccp] (ivirshup), Sergei Rybakov [ccp] (Koncopd), Robrecht Cannoodt [aut, cre, cph] (<https://orcid.org/0000-0003-3641-729X>, rcannood)’
Authors@R: ‘Philipp Angerer [ccp] (ORCID: <https://orcid.org/0000-0002-0369-2888>, github: flying-sheep), Alex Wolf [ccp] (ORCID: <https://orcid.org/0000-0002-8760-7838>, github: falexwolf), Isaac Virshup [ccp] (github: ivirshup), Sergei Rybakov [ccp] (github: Koncopd), Robrecht Cannoodt [aut, cre, cph] (ORCID: <https://orcid.org/0000-0003-3641-729X>, github: rcannood)’
Flavors: r-devel-linux-x86_64-debian-clang, r-devel-linux-x86_64-debian-gcc
Version: 0.7.5.6
Check: Rd files
Result: NOTE
checkRd: (-1) concat.Rd:35: Lost braces; missing escapes or markup?
35 | \item{index_unique}{Whether to make the index unique by using the keys. If provided, this is the delimeter between "{orig_idx}{index_unique}{key}". When \code{NULL}, the original indices are kept.}
| ^
checkRd: (-1) concat.Rd:35: Lost braces
35 | \item{index_unique}{Whether to make the index unique by using the keys. If provided, this is the delimeter between "{orig_idx}{index_unique}{key}". When \code{NULL}, the original indices are kept.}
| ^
checkRd: (-1) concat.Rd:35: Lost braces
35 | \item{index_unique}{Whether to make the index unique by using the keys. If provided, this is the delimeter between "{orig_idx}{index_unique}{key}". When \code{NULL}, the original indices are kept.}
| ^
Flavors: r-devel-linux-x86_64-debian-clang, r-devel-linux-x86_64-debian-gcc, r-devel-linux-x86_64-fedora-clang, r-devel-linux-x86_64-fedora-gcc, r-devel-windows-x86_64, r-patched-linux-x86_64, r-release-linux-x86_64, r-release-macos-arm64, r-release-macos-x86_64, r-release-windows-x86_64, r-oldrel-macos-arm64, r-oldrel-macos-x86_64, r-oldrel-windows-x86_64
These binaries (installable software) and packages are in development.
They may not be fully stable and should be used with caution. We make no claims about them.
Health stats visible at Monitor.