Last updated on 2025-02-23 19:50:59 CET.
Flavor | Version | Tinstall | Tcheck | Ttotal | Status | Flags |
---|---|---|---|---|---|---|
r-devel-linux-x86_64-debian-clang | 0.2.5 | 25.66 | 29.19 | 54.85 | NOTE | |
r-devel-linux-x86_64-debian-gcc | 0.2.5 | 18.05 | 22.61 | 40.66 | NOTE | |
r-devel-linux-x86_64-fedora-clang | 0.2.5 | 96.45 | NOTE | |||
r-devel-linux-x86_64-fedora-gcc | 0.2.5 | 89.36 | NOTE | |||
r-devel-macos-arm64 | 0.2.5 | 28.00 | NOTE | |||
r-devel-macos-x86_64 | 0.2.5 | 43.00 | NOTE | |||
r-devel-windows-x86_64 | 0.2.5 | 28.00 | 74.00 | 102.00 | NOTE | |
r-patched-linux-x86_64 | 0.2.5 | 24.51 | 27.78 | 52.29 | NOTE | |
r-release-linux-x86_64 | 0.2.5 | 23.29 | 27.64 | 50.93 | NOTE | |
r-release-macos-arm64 | 0.2.5 | 36.00 | NOTE | |||
r-release-macos-x86_64 | 0.2.5 | 38.00 | NOTE | |||
r-release-windows-x86_64 | 0.2.5 | 28.00 | 70.00 | 98.00 | NOTE | |
r-oldrel-macos-arm64 | 0.2.5 | 33.00 | OK | |||
r-oldrel-macos-x86_64 | 0.2.5 | 77.00 | OK | |||
r-oldrel-windows-x86_64 | 0.2.5 | 33.00 | 82.00 | 115.00 | OK |
Version: 0.2.5
Check: Rd files
Result: NOTE
checkRd: (-1) ProbaMax.Rd:32: Lost braces; missing escapes or markup?
32 | \item{E}{discretization design for the field. If \code{NULL}, a simplex-lattice design {n,n} is used, with \code{n=length(mu)}. In this case the choice of method=4,5 are not advised.}
| ^
checkRd: (-1) ProbaMax.Rd:71: Lost braces in \itemize; \value handles \item{}{} directly
checkRd: (-1) ProbaMax.Rd:72: Lost braces in \itemize; \value handles \item{}{} directly
checkRd: (-1) ProbaMax.Rd:73: Lost braces in \itemize; \value handles \item{}{} directly
checkRd: (-1) ProbaMax.Rd:77: Lost braces in \itemize; \value handles \item{}{} directly
checkRd: (-1) ProbaMax.Rd:78: Lost braces in \itemize; \value handles \item{}{} directly
checkRd: (-1) ProbaMax.Rd:79: Lost braces in \itemize; \value handles \item{}{} directly
checkRd: (-1) ProbaMax.Rd:80: Lost braces in \itemize; \value handles \item{}{} directly
checkRd: (-1) ProbaMin.Rd:32: Lost braces; missing escapes or markup?
32 | \item{E}{discretization design for the field. If \code{NULL}, a simplex-lattice design {n,n} is used, with \code{n=length(mu)}. In this case the choice of method=4,5 are not advised.}
| ^
checkRd: (-1) ProbaMin.Rd:71: Lost braces in \itemize; \value handles \item{}{} directly
checkRd: (-1) ProbaMin.Rd:72: Lost braces in \itemize; \value handles \item{}{} directly
checkRd: (-1) ProbaMin.Rd:73: Lost braces in \itemize; \value handles \item{}{} directly
checkRd: (-1) ProbaMin.Rd:77: Lost braces in \itemize; \value handles \item{}{} directly
checkRd: (-1) ProbaMin.Rd:78: Lost braces in \itemize; \value handles \item{}{} directly
checkRd: (-1) ProbaMin.Rd:79: Lost braces in \itemize; \value handles \item{}{} directly
checkRd: (-1) ProbaMin.Rd:80: Lost braces in \itemize; \value handles \item{}{} directly
checkRd: (-1) selectQdims.Rd:57: Lost braces in \itemize; \value handles \item{}{} directly
checkRd: (-1) selectQdims.Rd:58: Lost braces in \itemize; \value handles \item{}{} directly
checkRd: (-1) selectQdims.Rd:59: Lost braces in \itemize; \value handles \item{}{} directly
checkRd: (-1) selectQdims.Rd:60: Lost braces in \itemize; \value handles \item{}{} directly
checkRd: (-1) selectQdims.Rd:61: Lost braces in \itemize; \value handles \item{}{} directly
Flavors: r-devel-linux-x86_64-debian-clang, r-devel-linux-x86_64-debian-gcc, r-devel-linux-x86_64-fedora-clang, r-devel-linux-x86_64-fedora-gcc, r-devel-macos-arm64, r-devel-macos-x86_64, r-devel-windows-x86_64, r-patched-linux-x86_64, r-release-linux-x86_64, r-release-macos-arm64, r-release-macos-x86_64, r-release-windows-x86_64
These binaries (installable software) and packages are in development.
They may not be fully stable and should be used with caution. We make no claims about them.
Health stats visible at Monitor.