Last updated on 2025-05-15 09:52:08 CEST.
Flavor | Version | Tinstall | Tcheck | Ttotal | Status | Flags |
---|---|---|---|---|---|---|
r-devel-linux-x86_64-debian-clang | 1.0.0 | 7.90 | 107.89 | 115.79 | NOTE | |
r-devel-linux-x86_64-debian-gcc | 1.0.0 | 5.00 | 69.33 | 74.33 | NOTE | |
r-devel-linux-x86_64-fedora-clang | 1.0.0 | 193.65 | OK | |||
r-devel-linux-x86_64-fedora-gcc | 1.0.0 | 197.39 | OK | |||
r-devel-windows-x86_64 | 1.0.0 | 11.00 | 111.00 | 122.00 | OK | |
r-patched-linux-x86_64 | 1.0.0 | 7.47 | 100.18 | 107.65 | OK | |
r-release-linux-x86_64 | 1.0.0 | 8.38 | 100.97 | 109.35 | OK | |
r-release-macos-arm64 | 1.0.0 | 49.00 | OK | |||
r-release-macos-x86_64 | 1.0.0 | 113.00 | OK | |||
r-release-windows-x86_64 | 1.0.0 | 12.00 | 113.00 | 125.00 | OK | |
r-oldrel-macos-arm64 | 1.0.0 | 53.00 | OK | |||
r-oldrel-macos-x86_64 | 1.0.0 | 79.00 | OK | |||
r-oldrel-windows-x86_64 | 1.0.0 | 13.00 | 142.00 | 155.00 | OK |
Version: 1.0.0
Check: CRAN incoming feasibility
Result: NOTE
Maintainer: ‘Adam Elder <shmelder@gmail.com>’
The Description field contains
A testing framework described in Elder et al. (2022) <arXiv:2203.01897>
Please refer to arXiv e-prints via their arXiv DOI <doi:10.48550/arXiv.YYMM.NNNNN>.
Flavors: r-devel-linux-x86_64-debian-clang, r-devel-linux-x86_64-debian-gcc
These binaries (installable software) and packages are in development.
They may not be fully stable and should be used with caution. We make no claims about them.
Health stats visible at Monitor.