Last updated on 2025-02-02 07:50:04 CET.
Flavor | Version | Tinstall | Tcheck | Ttotal | Status | Flags |
---|---|---|---|---|---|---|
r-devel-linux-x86_64-debian-clang | 0.6.0 | 2.11 | 25.96 | 28.07 | NOTE | |
r-devel-linux-x86_64-debian-gcc | 0.6.0 | 1.66 | 20.42 | 22.08 | NOTE | |
r-devel-linux-x86_64-fedora-clang | 0.6.0 | 46.54 | NOTE | |||
r-devel-linux-x86_64-fedora-gcc | 0.6.0 | 57.12 | NOTE | |||
r-devel-windows-x86_64 | 0.6.0 | 4.00 | 50.00 | 54.00 | NOTE | |
r-patched-linux-x86_64 | 0.6.0 | 2.43 | 24.37 | 26.80 | NOTE | |
r-release-linux-x86_64 | 0.6.0 | 2.02 | 24.58 | 26.60 | NOTE | |
r-release-macos-arm64 | 0.6.0 | 24.00 | NOTE | |||
r-release-macos-x86_64 | 0.6.0 | 37.00 | NOTE | |||
r-release-windows-x86_64 | 0.6.0 | 5.00 | 50.00 | 55.00 | NOTE | |
r-oldrel-macos-arm64 | 0.6.0 | 25.00 | OK | |||
r-oldrel-macos-x86_64 | 0.6.0 | 36.00 | OK | |||
r-oldrel-windows-x86_64 | 0.6.0 | 4.00 | 55.00 | 59.00 | OK |
Version: 0.6.0
Check: Rd files
Result: NOTE
checkRd: (-1) convertCoord.Rd:32: Lost braces
32 | Please check here{https://lbs.amap.com/faq/account/key/72}}
| ^
checkRd: (-1) convertCoord.individual.Rd:33: Lost braces
33 | Please check here{https://lbs.amap.com/faq/account/key/72}}
| ^
checkRd: (-1) getCoord.Rd:39: Lost braces
39 | Please check here{https://lbs.amap.com/faq/account/key/72}}
| ^
checkRd: (-1) getCoord.individual.Rd:39: Lost braces
39 | here{https://lbs.amap.com/faq/account/key/72}}
| ^
checkRd: (-1) getLocation.Rd:60: Lost braces; missing escapes or markup?
60 | {https://lbs.amap.com/faq/account/key/72}}
| ^
checkRd: (-1) getLocation.individual.Rd:60: Lost braces
60 | Please check here{https://lbs.amap.com/faq/account/key/72}}
| ^
Flavors: r-devel-linux-x86_64-debian-clang, r-devel-linux-x86_64-debian-gcc, r-devel-linux-x86_64-fedora-clang, r-devel-linux-x86_64-fedora-gcc, r-devel-windows-x86_64, r-patched-linux-x86_64, r-release-linux-x86_64, r-release-macos-arm64, r-release-macos-x86_64, r-release-windows-x86_64
Version: 0.6.0
Check: dependencies in R code
Result: NOTE
Namespace in Imports field not imported from: ‘jsonlite’
All declared Imports should be used.
Flavors: r-devel-linux-x86_64-fedora-clang, r-devel-linux-x86_64-fedora-gcc
These binaries (installable software) and packages are in development.
They may not be fully stable and should be used with caution. We make no claims about them.
Health stats visible at Monitor.