Last updated on 2024-05-02 08:01:32 CEST.
Flavor | Version | Tinstall | Tcheck | Ttotal | Status | Flags |
---|---|---|---|---|---|---|
r-devel-linux-x86_64-debian-clang | 0.3.0 | 3.11 | 109.87 | 112.98 | OK | |
r-devel-linux-x86_64-debian-gcc | 0.3.0 | 2.99 | 80.80 | 83.79 | OK | |
r-devel-linux-x86_64-fedora-clang | 0.3.0 | 172.11 | OK | |||
r-devel-linux-x86_64-fedora-gcc | 0.3.0 | 174.93 | OK | |||
r-devel-windows-x86_64 | 0.3.0 | 6.00 | 117.00 | 123.00 | OK | |
r-patched-linux-x86_64 | 0.3.0 | 3.79 | 105.92 | 109.71 | OK | |
r-release-linux-x86_64 | 0.3.0 | 2.78 | 107.36 | 110.14 | OK | |
r-release-macos-arm64 | 0.3.0 | 34.00 | ERROR | |||
r-release-macos-x86_64 | 0.3.0 | 133.00 | ERROR | |||
r-release-windows-x86_64 | 0.3.0 | 5.00 | 116.00 | 121.00 | OK | |
r-oldrel-macos-arm64 | 0.3.0 | 42.00 | ERROR | |||
r-oldrel-macos-x86_64 | 0.3.0 | 88.00 | ERROR | |||
r-oldrel-windows-x86_64 | 0.3.0 | 6.00 | 133.00 | 139.00 | OK |
Version: 0.3.0
Check: tests
Result: ERROR
Running ‘spelling.R’ [0s/0s]
Running ‘testthat.R’ [8s/8s]
Running the tests in ‘tests/testthat.R’ failed.
Last 13 lines of output:
▆
1. └─altdoc::render_docs(path = getwd()) at test-update.R:111:5
2. └─cli::cli_abort("There were some failures when rendering vignettes.")
3. └─rlang::abort(...)
── Error ('test-update.R:111:5'): render_docs also transform new/modified vignettes if specified: docsify ──
Error in `render_docs(path = getwd())`: There were some failures when rendering vignettes.
Backtrace:
▆
1. └─altdoc::render_docs(path = getwd()) at test-update.R:111:5
2. └─cli::cli_abort("There were some failures when rendering vignettes.")
3. └─rlang::abort(...)
[ FAIL 5 | WARN 0 | SKIP 7 | PASS 56 ]
Error: Test failures
Execution halted
Flavor: r-release-macos-arm64
Version: 0.3.0
Check: tests
Result: ERROR
Running ‘spelling.R’ [0s/0s]
Running ‘testthat.R’ [20s/45s]
Running the tests in ‘tests/testthat.R’ failed.
Last 13 lines of output:
▆
1. └─altdoc::render_docs(path = getwd()) at test-update.R:111:5
2. └─cli::cli_abort("There were some failures when rendering vignettes.")
3. └─rlang::abort(...)
── Error ('test-update.R:111:5'): render_docs also transform new/modified vignettes if specified: docsify ──
Error in `render_docs(path = getwd())`: There were some failures when rendering vignettes.
Backtrace:
▆
1. └─altdoc::render_docs(path = getwd()) at test-update.R:111:5
2. └─cli::cli_abort("There were some failures when rendering vignettes.")
3. └─rlang::abort(...)
[ FAIL 5 | WARN 0 | SKIP 7 | PASS 56 ]
Error: Test failures
Execution halted
Flavor: r-release-macos-x86_64
Version: 0.3.0
Check: tests
Result: ERROR
Running ‘spelling.R’ [0s/0s]
Running ‘testthat.R’ [9s/11s]
Running the tests in ‘tests/testthat.R’ failed.
Last 13 lines of output:
▆
1. └─altdoc::render_docs(path = getwd()) at test-update.R:111:5
2. └─cli::cli_abort("There were some failures when rendering vignettes.")
3. └─rlang::abort(...)
── Error ('test-update.R:111:5'): render_docs also transform new/modified vignettes if specified: docsify ──
Error in `render_docs(path = getwd())`: There were some failures when rendering vignettes.
Backtrace:
▆
1. └─altdoc::render_docs(path = getwd()) at test-update.R:111:5
2. └─cli::cli_abort("There were some failures when rendering vignettes.")
3. └─rlang::abort(...)
[ FAIL 5 | WARN 0 | SKIP 7 | PASS 56 ]
Error: Test failures
Execution halted
Flavor: r-oldrel-macos-arm64
Version: 0.3.0
Check: tests
Result: ERROR
Running ‘spelling.R’ [0s/0s]
Running ‘testthat.R’ [14s/32s]
Running the tests in ‘tests/testthat.R’ failed.
Last 13 lines of output:
▆
1. └─altdoc::render_docs(path = getwd()) at test-update.R:111:5
2. └─cli::cli_abort("There were some failures when rendering vignettes.")
3. └─rlang::abort(...)
── Error ('test-update.R:111:5'): render_docs also transform new/modified vignettes if specified: docsify ──
Error in `render_docs(path = getwd())`: There were some failures when rendering vignettes.
Backtrace:
▆
1. └─altdoc::render_docs(path = getwd()) at test-update.R:111:5
2. └─cli::cli_abort("There were some failures when rendering vignettes.")
3. └─rlang::abort(...)
[ FAIL 5 | WARN 0 | SKIP 7 | PASS 56 ]
Error: Test failures
Execution halted
Flavor: r-oldrel-macos-x86_64
These binaries (installable software) and packages are in development.
They may not be fully stable and should be used with caution. We make no claims about them.
Health stats visible at Monitor.