Last updated on 2025-05-08 09:53:52 CEST.
Flavor | Version | Tinstall | Tcheck | Ttotal | Status | Flags |
---|---|---|---|---|---|---|
r-devel-linux-x86_64-debian-clang | 1.0.6 | 9.74 | 82.35 | 92.09 | NOTE | |
r-devel-linux-x86_64-debian-gcc | 1.0.6 | 7.15 | 59.03 | 66.18 | NOTE | |
r-devel-linux-x86_64-fedora-clang | 1.0.6 | 140.12 | NOTE | |||
r-devel-linux-x86_64-fedora-gcc | 1.0.6 | 135.60 | NOTE | |||
r-devel-windows-x86_64 | 1.0.6 | 14.00 | 113.00 | 127.00 | NOTE | |
r-patched-linux-x86_64 | 1.0.6 | 10.26 | 77.82 | 88.08 | NOTE | |
r-release-linux-x86_64 | 1.0.6 | 9.21 | 77.90 | 87.11 | NOTE | |
r-release-macos-arm64 | 1.0.6 | 40.00 | NOTE | |||
r-release-macos-x86_64 | 1.0.6 | 81.00 | NOTE | |||
r-release-windows-x86_64 | 1.0.6 | 12.00 | 110.00 | 122.00 | NOTE | |
r-oldrel-macos-arm64 | 1.0.6 | 40.00 | NOTE | |||
r-oldrel-macos-x86_64 | 1.0.6 | 59.00 | NOTE | |||
r-oldrel-windows-x86_64 | 1.0.6 | 16.00 | 131.00 | 147.00 | NOTE |
Version: 1.0.6
Check: CRAN incoming feasibility
Result: NOTE
Maintainer: ‘Sanford Weisberg <sandy@umn.edu>’
No Authors@R field in DESCRIPTION.
Please add one, modifying
Authors@R: person(given = "Sanford",
family = "Weisberg",
role = c("aut", "cre"),
email = "sandy@umn.edu")
as necessary.
Package CITATION file contains call(s) to old-style personList() or
as.personList(). Please use c() on person objects instead.
Package CITATION file contains call(s) to old-style citEntry(). Please
use bibentry() instead.
Found the following (possibly) invalid file URI:
URI: www.oecd.org
From: man/UN11.Rd
Flavors: r-devel-linux-x86_64-debian-clang, r-devel-linux-x86_64-debian-gcc
Version: 1.0.6
Check: Rd files
Result: NOTE
checkRd: (-1) UN1.Rd:16: Escaped LaTeX specials: \$
checkRd: (-1) rateprof.Rd:64: Escaped LaTeX specials: \&
Flavors: r-devel-linux-x86_64-debian-clang, r-devel-linux-x86_64-debian-gcc, r-devel-linux-x86_64-fedora-clang, r-devel-linux-x86_64-fedora-gcc, r-devel-windows-x86_64, r-patched-linux-x86_64, r-release-linux-x86_64, r-release-macos-arm64, r-release-macos-x86_64, r-release-windows-x86_64, r-oldrel-macos-arm64, r-oldrel-macos-x86_64, r-oldrel-windows-x86_64
These binaries (installable software) and packages are in development.
They may not be fully stable and should be used with caution. We make no claims about them.
Health stats visible at Monitor.