CRAN Package Check Results for Package alphabetr

Last updated on 2025-05-03 22:49:47 CEST.

Flavor Version Tinstall Tcheck Ttotal Status Flags
r-devel-linux-x86_64-debian-clang 0.2.2 25.30 119.26 144.56 NOTE
r-devel-linux-x86_64-debian-gcc 0.2.2 19.12 89.23 108.35 NOTE
r-devel-linux-x86_64-fedora-clang 0.2.2 267.22 NOTE
r-devel-linux-x86_64-fedora-gcc 0.2.2 279.80 NOTE
r-devel-windows-x86_64 0.2.2 35.00 205.00 240.00 OK
r-patched-linux-x86_64 0.2.2 26.91 118.35 145.26 OK
r-release-linux-x86_64 OK
r-release-macos-arm64 0.2.2 102.00 OK
r-release-macos-x86_64 0.2.2 160.00 OK
r-release-windows-x86_64 0.2.2 35.00 221.00 256.00 OK
r-oldrel-macos-arm64 0.2.2 80.00 NOTE
r-oldrel-macos-x86_64 0.2.2 124.00 NOTE
r-oldrel-windows-x86_64 0.2.2 38.00 250.00 288.00 NOTE

Check Details

Version: 0.2.2
Check: CRAN incoming feasibility
Result: NOTE Maintainer: ‘Edward Lee <email.edwardlee@gmail.com>’ The BugReports field in DESCRIPTION has http://github.com/edwardslee/alphabetr which should likely be http://github.com/edwardslee/alphabetr/issues instead. Flavors: r-devel-linux-x86_64-debian-clang, r-devel-linux-x86_64-debian-gcc

Version: 0.2.2
Check: compiled code
Result: NOTE File ‘alphabetr/libs/alphabetr.so’: Found no calls to: ‘R_registerRoutines’, ‘R_useDynamicSymbols’ It is good practice to register native routines and to disable symbol search. See ‘Writing portable packages’ in the ‘Writing R Extensions’ manual. Flavors: r-devel-linux-x86_64-fedora-clang, r-devel-linux-x86_64-fedora-gcc

Version: 0.2.2
Check: LazyData
Result: NOTE 'LazyData' is specified without a 'data' directory Flavors: r-oldrel-macos-arm64, r-oldrel-macos-x86_64, r-oldrel-windows-x86_64

These binaries (installable software) and packages are in development.
They may not be fully stable and should be used with caution. We make no claims about them.
Health stats visible at Monitor.