Last updated on 2025-10-31 01:48:50 CET.
| Flavor | Version | Tinstall | Tcheck | Ttotal | Status | Flags | 
|---|---|---|---|---|---|---|
| r-devel-linux-x86_64-debian-clang | 0.2.2 | 27.26 | 122.27 | 149.53 | NOTE | |
| r-devel-linux-x86_64-debian-gcc | 0.2.2 | 18.64 | 91.39 | 110.03 | NOTE | |
| r-devel-linux-x86_64-fedora-clang | 0.2.2 | 72.00 | 192.68 | 264.68 | NOTE | |
| r-devel-linux-x86_64-fedora-gcc | 0.2.2 | 66.00 | 207.49 | 273.49 | NOTE | |
| r-devel-windows-x86_64 | 0.2.2 | 35.00 | 202.00 | 237.00 | OK | |
| r-patched-linux-x86_64 | 0.2.2 | 26.44 | 121.96 | 148.40 | OK | |
| r-release-linux-x86_64 | 0.2.2 | 25.08 | 123.40 | 148.48 | OK | |
| r-release-macos-arm64 | 0.2.2 | 12.00 | 90.00 | 102.00 | OK | |
| r-release-macos-x86_64 | 0.2.2 | 12.00 | 148.00 | 160.00 | OK | |
| r-release-windows-x86_64 | 0.2.2 | 33.00 | 206.00 | 239.00 | OK | |
| r-oldrel-macos-arm64 | 0.2.2 | 12.00 | 68.00 | 80.00 | NOTE | |
| r-oldrel-macos-x86_64 | 0.2.2 | 11.00 | 113.00 | 124.00 | NOTE | |
| r-oldrel-windows-x86_64 | 0.2.2 | 42.00 | 251.00 | 293.00 | NOTE | 
Version: 0.2.2
Check: CRAN incoming feasibility
Result: NOTE
  Maintainer: ‘Edward Lee <email.edwardlee@gmail.com>’
  
  The BugReports field in DESCRIPTION has
    http://github.com/edwardslee/alphabetr
  which should likely be
    http://github.com/edwardslee/alphabetr/issues
  instead.
Flavors: r-devel-linux-x86_64-debian-clang, r-devel-linux-x86_64-debian-gcc
Version: 0.2.2
Check: compiled code
Result: NOTE
  File ‘alphabetr/libs/alphabetr.so’:
    Found no calls to: ‘R_registerRoutines’, ‘R_useDynamicSymbols’
  
  It is good practice to register native routines and to disable symbol
  search.
  
  See ‘Writing portable packages’ in the ‘Writing R Extensions’ manual.
Flavors: r-devel-linux-x86_64-fedora-clang, r-devel-linux-x86_64-fedora-gcc
Version: 0.2.2
Check: LazyData
Result: NOTE
    'LazyData' is specified without a 'data' directory
Flavors: r-oldrel-macos-arm64, r-oldrel-macos-x86_64, r-oldrel-windows-x86_64
These binaries (installable software) and packages are in development.
They may not be fully stable and should be used with caution. We make no claims about them.
Health stats visible at Monitor.