Last updated on 2025-10-31 01:48:50 CET.
| Flavor | Version | Tinstall | Tcheck | Ttotal | Status | Flags | 
|---|---|---|---|---|---|---|
| r-devel-linux-x86_64-debian-clang | 1.2.0 | 8.96 | 81.38 | 90.34 | NOTE | |
| r-devel-linux-x86_64-debian-gcc | 1.2.0 | 6.56 | 59.97 | 66.53 | NOTE | |
| r-devel-linux-x86_64-fedora-clang | 1.2.0 | 17.00 | 119.13 | 136.13 | OK | |
| r-devel-linux-x86_64-fedora-gcc | 1.2.0 | 18.00 | 111.12 | 129.12 | OK | |
| r-devel-windows-x86_64 | 1.2.0 | 10.00 | 94.00 | 104.00 | OK | |
| r-patched-linux-x86_64 | 1.2.0 | 6.70 | 76.77 | 83.47 | OK | |
| r-release-linux-x86_64 | 1.2.0 | 6.81 | 76.17 | 82.98 | OK | |
| r-release-macos-arm64 | 1.2.0 | 4.00 | 37.00 | 41.00 | OK | |
| r-release-macos-x86_64 | 1.2.0 | 8.00 | 82.00 | 90.00 | OK | |
| r-release-windows-x86_64 | 1.2.0 | 10.00 | 96.00 | 106.00 | OK | |
| r-oldrel-macos-arm64 | 1.2.0 | 3.00 | 32.00 | 35.00 | OK | |
| r-oldrel-macos-x86_64 | 1.2.0 | 5.00 | 46.00 | 51.00 | OK | |
| r-oldrel-windows-x86_64 | 1.2.0 | 13.00 | 116.00 | 129.00 | OK | 
Version: 1.2.0
Check: CRAN incoming feasibility
Result: NOTE
  Maintainer: ‘Andre Rehage <rehage@statistik.tu-dortmund.de>’
  
  No Authors@R field in DESCRIPTION.
  Please add one, modifying
    Authors@R: c(person(given = "Andre",
                        family = "Rehage",
                        role = c("aut", "cre"),
                        email = "rehage@statistik.tu-dortmund.de"),
                 person(given = "Sonja",
                        family = "Kuhnt",
                        role = "aut"))
  as necessary.
  
  Found the following \keyword or \concept entries
  which likely give several index terms:
    File ‘alphaOutlier-package.Rd’:
      \keyword{package
        distribution
        robust}
Flavors: r-devel-linux-x86_64-debian-clang, r-devel-linux-x86_64-debian-gcc
These binaries (installable software) and packages are in development.
They may not be fully stable and should be used with caution. We make no claims about them.
Health stats visible at Monitor.