Last updated on 2025-05-17 17:49:13 CEST.
Flavor | Version | Tinstall | Tcheck | Ttotal | Status | Flags |
---|---|---|---|---|---|---|
r-devel-linux-x86_64-debian-clang | 2.0.4 | 3.37 | 31.64 | 35.01 | OK | |
r-devel-linux-x86_64-debian-gcc | 2.0.4 | 2.38 | 23.44 | 25.82 | OK | |
r-devel-linux-x86_64-fedora-clang | 2.0.4 | 54.37 | OK | |||
r-devel-linux-x86_64-fedora-gcc | 2.0.4 | 53.48 | OK | |||
r-devel-windows-x86_64 | 2.0.4 | 8.00 | 77.00 | 85.00 | OK | |
r-release-macos-arm64 | 2.0.4 | 28.00 | OK | |||
r-release-windows-x86_64 | 2.0.4 | 10.00 | 87.00 | 97.00 | OK | |
r-oldrel-macos-arm64 | 2.0.4 | 50.00 | OK | |||
r-oldrel-macos-x86_64 | 2.0.4 | 45.00 | ERROR |
Version: 2.0.4
Check: PDF version of manual
Result: ERROR
Rd conversion errors:
Error in writeLines(c("\\Rdcontents{Contents}", if (!asUTF8) paste0("\\inputencoding{", :
Error writing to connection
Flavor: r-oldrel-macos-x86_64
These binaries (installable software) and packages are in development.
They may not be fully stable and should be used with caution. We make no claims about them.
Health stats visible at Monitor.