Last updated on 2025-10-09 15:49:55 CEST.
Flavor | Version | Tinstall | Tcheck | Ttotal | Status | Flags |
---|---|---|---|---|---|---|
r-devel-linux-x86_64-debian-clang | 2.0.4 | 3.34 | 33.68 | 37.02 | OK | |
r-devel-linux-x86_64-debian-gcc | 2.0.4 | 2.07 | 25.09 | 27.16 | OK | |
r-devel-linux-x86_64-fedora-clang | 2.0.4 | 52.66 | OK | |||
r-devel-linux-x86_64-fedora-gcc | 2.0.4 | 50.35 | OK | |||
r-devel-windows-x86_64 | 2.0.4 | 5.00 | 64.00 | 69.00 | OK | |
r-patched-linux-x86_64 | 2.0.4 | 3.78 | 31.75 | 35.53 | OK | |
r-release-linux-x86_64 | 2.0.4 | 3.34 | 31.40 | 34.74 | OK | |
r-release-macos-arm64 | 2.0.4 | 28.00 | OK | |||
r-release-macos-x86_64 | 2.0.4 | 61.00 | OK | |||
r-release-windows-x86_64 | 2.0.4 | 6.00 | 67.00 | 73.00 | ERROR | |
r-oldrel-macos-arm64 | 2.0.4 | 50.00 | OK | |||
r-oldrel-macos-x86_64 | 2.0.4 | 49.00 | OK | |||
r-oldrel-windows-x86_64 | 2.0.4 | 6.00 | 72.00 | 78.00 | OK |
Version: 2.0.4
Check: examples
Result: ERROR
Running examples in 'algaeClassify-Ex.R' failed
The error most likely occurred in:
> ### Name: gnr_df
> ### Title: Wrapper function to apply gnr_simple across a data.frame or list
> ### of species names
> ### Aliases: gnr_df
>
> ### ** Examples
>
> data(lakegeneva)
> #example dataset with 50 rows
>
> lakegeneva<- genus_species_extract(lakegeneva,'phyto_name')
> lakegeneva$genus_species <- trimws(paste(lakegeneva$genus,
+ lakegeneva$species))
>
> #checking for matches from all GNRS sources, first 5 rows:
> lakegeneva.namematches <- gnr_df(lakegeneva,"genus_species")
Warning: Failed to open 'https://verifier.globalnames.org/api/v1/verifications/Monoraphidium+convolutum%7CCeratium+hirundinella%7CAphanizomenon+flos-aquae%7CPeridinium+willei%7CSphaerocystis+schroeteri%7CEudorina+elegans%7CFragilaria+crotonensis%7CChlamydomonas+globosa%7CPlagioselmis+nannoplanctica%7CMougeotia+gracillima%7CStephanodiscus+neoastraea%7CHyaloraphidium+contortum%7CMonoraphidium+minutum%7CPlagioselmis+lacustris%7CGymnodinium+lantzschii%7CDinobryon+divergens%7CStephanodiscus+neoastraea%7CSphaerocystis+schroeteri%7CFragilaria+crotonensis%7CAsterionella+formosa%7CCeratium+hirundinella%7CPlagioselmis+nannoplanctica%7COscillatoria+janus%7CDiatoma+tenuis%7CPlagioselmis+nannoplanctica%7CPlanktothrix+rubescens%7CSynechococcus+elongatus%7CStaurastrum+cingulum%7CPlagioselmis+lacustris%7CPseudanabaena+limnetica%7CChlamydomonas%7CPlagioselmis+lacustris%7CGymnodinium%7CMougeotia+gracillima%7COchromonas%7CClosterium+aciculare%7COchromonas%7CPlagioselmis+nannoplanctica%7CMonoraphidium+convolutum%7 [... truncated]
Error: lexical error: invalid char in json text.
Error in readLines(con, warn =
(right here) ------^
Execution halted
Flavor: r-release-windows-x86_64
These binaries (installable software) and packages are in development.
They may not be fully stable and should be used with caution. We make no claims about them.
Health stats visible at Monitor.