CRAN Package Check Results for Package airGR

Last updated on 2025-10-30 15:50:06 CET.

Flavor Version Tinstall Tcheck Ttotal Status Flags
r-devel-linux-x86_64-debian-clang 1.7.6 12.79 152.57 165.36 NOTE
r-devel-linux-x86_64-debian-gcc 1.7.6 8.22 112.34 120.56 NOTE
r-devel-linux-x86_64-fedora-clang 1.7.6 25.00 218.23 243.23 NOTE
r-devel-linux-x86_64-fedora-gcc 1.7.6 48.00 225.04 273.04 NOTE
r-devel-windows-x86_64 1.7.6 19.00 178.00 197.00 OK
r-patched-linux-x86_64 1.7.6 11.75 146.11 157.86 OK
r-release-linux-x86_64 1.7.6 10.51 148.00 158.51 OK
r-release-macos-arm64 1.7.6 6.00 68.00 74.00 OK
r-release-macos-x86_64 1.7.6 11.00 139.00 150.00 OK
r-release-windows-x86_64 1.7.6 20.00 178.00 198.00 OK
r-oldrel-macos-arm64 1.7.6 5.00 75.00 80.00 OK
r-oldrel-macos-x86_64 1.7.6 9.00 104.00 113.00 OK
r-oldrel-windows-x86_64 1.7.6 24.00 223.00 247.00 OK

Check Details

Version: 1.7.6
Check: Rd files
Result: NOTE checkRd: (-1) CreateInputsModel.Rd:69-76: Only 2 columns allowed in this table (row 5 has 1) checkRd: (-1) CreateInputsModel.Rd:69-76: Only 2 columns allowed in this table (row 8 has 1) checkRd: (-1) CreateInputsModel.Rd:69-76: Only 2 columns allowed in this table (row 11 has 1) checkRd: (-1) CreateInputsModel.Rd:69-76: Only 2 columns allowed in this table (row 14 has 1) checkRd: (-1) ErrorCrit.Rd:34-36: Only 2 columns allowed in this table (row 1 has 1) checkRd: (-1) ErrorCrit.Rd:39-41: Only 2 columns allowed in this table (row 1 has 1) checkRd: (-1) RunModel_GR2M.Rd:62: height/width attributes should be in pixels checkRd: (-1) RunModel_GR4J.Rd:71: height/width attributes should be in pixels checkRd: (-1) RunModel_GR5H.Rd:77: height/width attributes should be in pixels checkRd: (-1) RunModel_GR5J.Rd:72: height/width attributes should be in pixels checkRd: (-1) RunModel_GR6J.Rd:75: height/width attributes should be in pixels Flavors: r-devel-linux-x86_64-debian-clang, r-devel-linux-x86_64-debian-gcc, r-devel-linux-x86_64-fedora-clang, r-devel-linux-x86_64-fedora-gcc

These binaries (installable software) and packages are in development.
They may not be fully stable and should be used with caution. We make no claims about them.
Health stats visible at Monitor.