Last updated on 2025-02-23 15:49:36 CET.
Flavor | Version | Tinstall | Tcheck | Ttotal | Status | Flags |
---|---|---|---|---|---|---|
r-devel-linux-x86_64-debian-clang | 1.0.0 | 1.75 | 19.83 | 21.58 | NOTE | |
r-devel-linux-x86_64-debian-gcc | 1.0.0 | 1.35 | 15.90 | 17.25 | NOTE | |
r-devel-linux-x86_64-fedora-clang | 1.0.0 | 34.19 | NOTE | |||
r-devel-linux-x86_64-fedora-gcc | 1.0.0 | 34.16 | NOTE | |||
r-devel-macos-arm64 | 1.0.0 | 17.00 | NOTE | |||
r-devel-macos-x86_64 | 1.0.0 | 27.00 | NOTE | |||
r-devel-windows-x86_64 | 1.0.0 | 4.00 | 43.00 | 47.00 | NOTE | |
r-patched-linux-x86_64 | 1.0.0 | 1.68 | 18.90 | 20.58 | NOTE | |
r-release-linux-x86_64 | 1.0.0 | 1.68 | 18.71 | 20.39 | NOTE | |
r-release-macos-arm64 | 1.0.0 | 16.00 | NOTE | |||
r-release-macos-x86_64 | 1.0.0 | 22.00 | NOTE | |||
r-release-windows-x86_64 | 1.0.0 | 3.00 | 43.00 | 46.00 | NOTE | |
r-oldrel-macos-arm64 | 1.0.0 | 21.00 | OK | |||
r-oldrel-macos-x86_64 | 1.0.0 | 21.00 | OK | |||
r-oldrel-windows-x86_64 | 1.0.0 | 4.00 | 46.00 | 50.00 | OK |
Version: 1.0.0
Check: Rd files
Result: NOTE
checkRd: (-1) aimPlot.Rd:39: Lost braces; missing escapes or markup?
39 | \item \code{Variable} {1st column: The various aims to be completed}
| ^
checkRd: (-1) aimPlot.Rd:40: Lost braces; missing escapes or markup?
40 | \item \code{Percentage} {2nd column: The percentage of completeness}
| ^
Flavors: r-devel-linux-x86_64-debian-clang, r-devel-linux-x86_64-debian-gcc, r-devel-linux-x86_64-fedora-clang, r-devel-linux-x86_64-fedora-gcc, r-devel-macos-arm64, r-devel-macos-x86_64, r-devel-windows-x86_64, r-patched-linux-x86_64, r-release-linux-x86_64, r-release-macos-arm64, r-release-macos-x86_64, r-release-windows-x86_64
These binaries (installable software) and packages are in development.
They may not be fully stable and should be used with caution. We make no claims about them.
Health stats visible at Monitor.