CRAN Package Check Results for Package ahMLE

Last updated on 2025-05-15 09:52:08 CEST.

Flavor Version Tinstall Tcheck Ttotal Status Flags
r-devel-linux-x86_64-debian-clang 1.20.1 26.20 62.63 88.83 NOTE
r-devel-linux-x86_64-debian-gcc 1.20.1 19.87 47.02 66.89 NOTE
r-devel-linux-x86_64-fedora-clang 1.20.1 149.41 NOTE
r-devel-linux-x86_64-fedora-gcc 1.20.1 160.90 NOTE
r-devel-windows-x86_64 1.20.1 32.00 88.00 120.00 NOTE
r-patched-linux-x86_64 1.20.1 25.04 60.83 85.87 NOTE
r-release-linux-x86_64 1.20.1 26.19 60.52 86.71 NOTE
r-release-macos-arm64 1.20.1 64.00 NOTE
r-release-macos-x86_64 1.20.1 106.00 NOTE
r-release-windows-x86_64 1.20.1 31.00 90.00 121.00 NOTE
r-oldrel-macos-arm64 1.20.1 48.00 NOTE
r-oldrel-macos-x86_64 1.20.1 71.00 NOTE
r-oldrel-windows-x86_64 1.20.1 36.00 109.00 145.00 NOTE

Check Details

Version: 1.20.1
Check: CRAN incoming feasibility
Result: NOTE Maintainer: ‘Chengyuan Lu <c.lu@lumc.nl>’ No Authors@R field in DESCRIPTION. Please add one, modifying Authors@R: person(given = "Chengyuan", family = "Lu", role = c("aut", "cre"), email = "c.lu@lumc.nl") as necessary. The Description field contains Lu(2021) <arXiv:2004.06156>. Please refer to arXiv e-prints via their arXiv DOI <doi:10.48550/arXiv.YYMM.NNNNN>. Flavors: r-devel-linux-x86_64-debian-clang, r-devel-linux-x86_64-debian-gcc

Version: 1.20.1
Check: C++ specification
Result: NOTE Specified C++11: please drop specification unless essential Flavors: r-devel-linux-x86_64-debian-clang, r-devel-linux-x86_64-debian-gcc, r-devel-linux-x86_64-fedora-clang, r-devel-linux-x86_64-fedora-gcc, r-devel-windows-x86_64, r-patched-linux-x86_64, r-release-linux-x86_64, r-release-macos-arm64, r-release-macos-x86_64, r-release-windows-x86_64, r-oldrel-macos-arm64, r-oldrel-macos-x86_64, r-oldrel-windows-x86_64

These binaries (installable software) and packages are in development.
They may not be fully stable and should be used with caution. We make no claims about them.
Health stats visible at Monitor.