CRAN Package Check Results for Package agriTutorial

Last updated on 2025-05-18 09:49:05 CEST.

Flavor Version Tinstall Tcheck Ttotal Status Flags
r-devel-linux-x86_64-debian-clang 0.1.5 12.79 97.95 110.74 NOTE
r-devel-linux-x86_64-debian-gcc 0.1.5 9.38 69.24 78.62 NOTE
r-devel-linux-x86_64-fedora-clang 0.1.5 176.06 OK
r-devel-linux-x86_64-fedora-gcc 0.1.5 200.42 OK
r-devel-windows-x86_64 0.1.5 12.00 108.00 120.00 OK
r-patched-linux-x86_64 0.1.5 11.22 92.76 103.98 OK
r-release-linux-x86_64 0.1.5 10.88 92.35 103.23 OK
r-release-macos-arm64 0.1.5 54.00 OK
r-release-macos-x86_64 0.1.5 98.00 OK
r-release-windows-x86_64 0.1.5 13.00 109.00 122.00 OK
r-oldrel-macos-arm64 0.1.5 59.00 OK
r-oldrel-macos-x86_64 0.1.5 97.00 OK
r-oldrel-windows-x86_64 0.1.5 16.00 136.00 152.00 OK

Check Details

Version: 0.1.5
Check: CRAN incoming feasibility
Result: NOTE Maintainer: ‘Rodney Edmondson <rodney.edmondson@gmail.com>’ Found the following URLs which should use \doi (with the DOI name only): File ‘agriTutorial.Rd’: http://dx.doi.org/10.1111/jac.12267 File ‘example1.Rd’: http://dx.doi.org/10.1111/jac.12267 File ‘example2.Rd’: http://dx.doi.org/10.1111/jac.12267 File ‘example3.Rd’: http://dx.doi.org/10.1111/jac.12267 File ‘example4.Rd’: http://dx.doi.org/10.1111/jac.12267 File ‘example5.Rd’: http://dx.doi.org/10.1111/jac.12267 Flavors: r-devel-linux-x86_64-debian-clang, r-devel-linux-x86_64-debian-gcc

These binaries (installable software) and packages are in development.
They may not be fully stable and should be used with caution. We make no claims about them.
Health stats visible at Monitor.