CRAN Package Check Results for Package agghoo

Last updated on 2025-05-17 15:50:36 CEST.

Flavor Version Tinstall Tcheck Ttotal Status Flags
r-devel-linux-x86_64-debian-clang 0.1-0 3.46 19.97 23.43 NOTE
r-devel-linux-x86_64-debian-gcc 0.1-0 2.53 16.50 19.03 NOTE
r-devel-linux-x86_64-fedora-clang 0.1-0 37.00 OK
r-devel-linux-x86_64-fedora-gcc 0.1-0 35.85 OK
r-devel-windows-x86_64 0.1-0 5.00 43.00 48.00 OK
r-patched-linux-x86_64 0.1-0 3.71 19.26 22.97 OK
r-release-linux-x86_64 0.1-0 3.32 19.18 22.50 OK
r-release-macos-arm64 0.1-0 18.00 OK
r-release-macos-x86_64 0.1-0 27.00 OK
r-release-windows-x86_64 0.1-0 4.00 44.00 48.00 OK
r-oldrel-macos-arm64 0.1-0 24.00 OK
r-oldrel-macos-x86_64 0.1-0 22.00 OK
r-oldrel-windows-x86_64 0.1-0 6.00 46.00 52.00 OK

Check Details

Version: 0.1-0
Check: CRAN incoming feasibility
Result: NOTE Maintainer: ‘Benjamin Auder <benjamin.auder@universite-paris-saclay.fr>’ The Description field contains Maillard, Sylvain Arlot, Matthieu Lerasle (2021) <arXiv:1909.04890> Please refer to arXiv e-prints via their arXiv DOI <doi:10.48550/arXiv.YYMM.NNNNN>. Flavors: r-devel-linux-x86_64-debian-clang, r-devel-linux-x86_64-debian-gcc

These binaries (installable software) and packages are in development.
They may not be fully stable and should be used with caution. We make no claims about them.
Health stats visible at Monitor.