CRAN Package Check Results for Package adwave

Last updated on 2025-05-17 13:49:29 CEST.

Flavor Version Tinstall Tcheck Ttotal Status Flags
r-devel-linux-x86_64-debian-clang 1.3 2.16 27.74 29.90 NOTE
r-devel-linux-x86_64-debian-gcc 1.3 1.39 22.10 23.49 NOTE
r-devel-linux-x86_64-fedora-clang 1.3 47.02 OK
r-devel-linux-x86_64-fedora-gcc 1.3 45.21 OK
r-devel-windows-x86_64 1.3 3.00 55.00 58.00 OK
r-patched-linux-x86_64 1.3 2.03 27.25 29.28 OK
r-release-linux-x86_64 1.3 2.17 26.89 29.06 OK
r-release-macos-arm64 1.3 22.00 OK
r-release-macos-x86_64 1.3 33.00 OK
r-release-windows-x86_64 1.3 3.00 56.00 59.00 OK
r-oldrel-macos-arm64 1.3 19.00 OK
r-oldrel-macos-x86_64 1.3 27.00 OK
r-oldrel-windows-x86_64 1.3 4.00 58.00 62.00 OK

Check Details

Version: 1.3
Check: CRAN incoming feasibility
Result: NOTE Maintainer: ‘Murray Cox <murray.p.cox@gmail.com>’ No Authors@R field in DESCRIPTION. Please add one, modifying Authors@R: c(person(given = "Jean", family = "Sanderson", role = "aut"), person(given = "Murray", family = "Cox", role = "cre", email = "murray.p.cox@gmail.com")) as necessary. Found the following URLs which should use \doi (with the DOI name only): File ‘admix.Rd’: https://doi.org/10.1534/genetics.115.176842 https://doi.org/10.1101/gr.083634.108 File ‘plotsignal.Rd’: https://doi.org/10.1534/genetics.115.176842 File ‘signal.Rd’: https://doi.org/10.1534/genetics.115.176842 File ‘wavesum.Rd’: https://doi.org/10.1534/genetics.115.176842 Flavors: r-devel-linux-x86_64-debian-clang, r-devel-linux-x86_64-debian-gcc

These binaries (installable software) and packages are in development.
They may not be fully stable and should be used with caution. We make no claims about them.
Health stats visible at Monitor.