Last updated on 2024-05-02 01:56:52 CEST.
Flavor | Version | Tinstall | Tcheck | Ttotal | Status | Flags |
---|---|---|---|---|---|---|
r-devel-linux-x86_64-debian-clang | 1.4-5 | 10.14 | 67.99 | 78.13 | NOTE | |
r-devel-linux-x86_64-debian-gcc | 1.4-5 | 6.17 | 49.12 | 55.29 | NOTE | |
r-devel-linux-x86_64-fedora-clang | 1.4-5 | 97.35 | NOTE | |||
r-devel-linux-x86_64-fedora-gcc | 1.4-5 | 94.74 | NOTE | |||
r-devel-windows-x86_64 | 1.4-5 | 10.00 | 78.00 | 88.00 | NOTE | |
r-patched-linux-x86_64 | 1.4-5 | 10.37 | 63.98 | 74.35 | NOTE | |
r-release-linux-x86_64 | 1.4-5 | 8.89 | 65.94 | 74.83 | NOTE | |
r-release-macos-arm64 | 1.4-5 | 29.00 | NOTE | |||
r-release-windows-x86_64 | 1.4-5 | 10.00 | 78.00 | 88.00 | NOTE | |
r-oldrel-macos-arm64 | 1.4-5 | 31.00 | OK | |||
r-oldrel-macos-x86_64 | 1.4-5 | 49.00 | OK | |||
r-oldrel-windows-x86_64 | 1.4-5 | 13.00 | 86.00 | 99.00 | OK |
Version: 1.4-5
Check: Rd files
Result: NOTE
checkRd: (-1) Amatdual.Rd:15: Lost braces
15 | \item{removelist}{a vector of indices into env{X} of the lifted coefficients during the transform (in the order of removal). }
| ^
checkRd: (-1) fwtnp.Rd:30: Lost braces
30 | Given \eqn{n} points on a line, \env{input}, each with a corresponding env{f} value this algorithm computes a lifting transform of the (\env{input},\env{f}) data. If lengths are inputted (\env{inputtype="lengths"}), then the gridpoints are taken to be the left endpoints of the intervals defined by the lengths inputted.
| ^
Flavors: r-devel-linux-x86_64-debian-clang, r-devel-linux-x86_64-debian-gcc, r-devel-linux-x86_64-fedora-clang, r-devel-linux-x86_64-fedora-gcc, r-devel-windows-x86_64, r-patched-linux-x86_64, r-release-linux-x86_64, r-release-macos-arm64, r-release-windows-x86_64
These binaries (installable software) and packages are in development.
They may not be fully stable and should be used with caution. We make no claims about them.
Health stats visible at Monitor.