Last updated on 2025-10-09 20:03:59 CEST.
Flavor | Version | Tinstall | Tcheck | Ttotal | Status | Flags |
---|---|---|---|---|---|---|
r-devel-linux-x86_64-debian-clang | 0.6.1 | 1.82 | 22.94 | 24.76 | ERROR | |
r-devel-linux-x86_64-debian-gcc | 0.6.1 | 1.41 | 18.60 | 20.01 | ERROR | |
r-devel-linux-x86_64-fedora-clang | 0.6.1 | 34.31 | ERROR | |||
r-devel-linux-x86_64-fedora-gcc | 0.6.1 | 35.13 | OK | |||
r-devel-windows-x86_64 | 0.6.1 | 4.00 | 43.00 | 47.00 | ERROR | |
r-patched-linux-x86_64 | 0.6.1 | 1.48 | 21.68 | 23.16 | ERROR | |
r-release-linux-x86_64 | 0.6.1 | 1.36 | 21.59 | 22.95 | ERROR | |
r-release-macos-arm64 | 0.6.1 | 21.00 | OK | |||
r-release-macos-x86_64 | 0.6.1 | 29.00 | OK | |||
r-release-windows-x86_64 | 0.6.1 | 4.00 | 43.00 | 47.00 | ERROR | |
r-oldrel-macos-arm64 | 0.6.1 | 17.00 | NOTE | |||
r-oldrel-macos-x86_64 | 0.6.1 | 24.00 | NOTE | |||
r-oldrel-windows-x86_64 | 0.6.1 | 4.00 | 48.00 | 52.00 | ERROR |
Version: 0.6.1
Check: examples
Result: ERROR
Running examples in ‘adklakedata-Ex.R’ failed
The error most likely occurred in:
> base::assign(".ptime", proc.time(), pos = "CheckExEnv")
> ### Name: adk_lake_shapes
> ### Title: Return path to Lake Polygons Shapefile
> ### Aliases: adk_lake_shapes
>
> ### ** Examples
>
> library(sf)
Linking to GEOS 3.14.0, GDAL 3.11.4, PROJ 9.7.0; sf_use_s2() is TRUE
> bl = read_sf(adklakedata::adk_shape())
Error in process_cpl_read_ogr(x, quiet, check_ring_dir = check_ring_dir, :
package tibble not available: install first?
Calls: read_sf ... st_read -> st_read.character -> process_cpl_read_ogr
Execution halted
Flavors: r-devel-linux-x86_64-debian-clang, r-devel-linux-x86_64-debian-gcc, r-patched-linux-x86_64, r-release-linux-x86_64
Version: 0.6.1
Check: for unstated dependencies in ‘demo’
Result: NOTE
'::' or ':::' import not declared from: ‘devtools’
'library' or 'require' calls not declared from:
‘ggmap’ ‘gridExtra’ ‘magick’
Flavors: r-devel-linux-x86_64-debian-clang, r-devel-linux-x86_64-debian-gcc, r-patched-linux-x86_64, r-release-linux-x86_64
Version: 0.6.1
Check: examples
Result: ERROR
Running examples in ‘adklakedata-Ex.R’ failed
The error most likely occurred in:
> ### Name: adk_lake_shapes
> ### Title: Return path to Lake Polygons Shapefile
> ### Aliases: adk_lake_shapes
>
> ### ** Examples
>
> library(sf)
Linking to GEOS 3.13.0, GDAL 3.10.3, PROJ 9.6.2; sf_use_s2() is TRUE
> bl = read_sf(adklakedata::adk_shape())
Error in process_cpl_read_ogr(x, quiet, check_ring_dir = check_ring_dir, :
package tibble not available: install first?
Calls: read_sf ... st_read -> st_read.character -> process_cpl_read_ogr
Execution halted
Flavor: r-devel-linux-x86_64-fedora-clang
Version: 0.6.1
Check: examples
Result: ERROR
Running examples in 'adklakedata-Ex.R' failed
The error most likely occurred in:
> ### Name: adk_lake_shapes
> ### Title: Return path to Lake Polygons Shapefile
> ### Aliases: adk_lake_shapes
>
> ### ** Examples
>
> library(sf)
Linking to GEOS 3.13.1, GDAL 3.11.0, PROJ 9.6.0; sf_use_s2() is TRUE
> bl = read_sf(adklakedata::adk_shape())
Error in process_cpl_read_ogr(x, quiet, check_ring_dir = check_ring_dir, :
package tibble not available: install first?
Calls: read_sf ... st_read -> st_read.character -> process_cpl_read_ogr
Execution halted
Flavors: r-devel-windows-x86_64, r-release-windows-x86_64
Version: 0.6.1
Check: LazyData
Result: NOTE
'LazyData' is specified without a 'data' directory
Flavors: r-oldrel-macos-arm64, r-oldrel-macos-x86_64, r-oldrel-windows-x86_64
Version: 0.6.1
Check: examples
Result: ERROR
Running examples in 'adklakedata-Ex.R' failed
The error most likely occurred in:
> ### Name: adk_lake_shapes
> ### Title: Return path to Lake Polygons Shapefile
> ### Aliases: adk_lake_shapes
>
> ### ** Examples
>
> library(sf)
Linking to GEOS 3.13.0, GDAL 3.10.1, PROJ 9.5.1; sf_use_s2() is TRUE
> bl = read_sf(adklakedata::adk_shape())
Error in process_cpl_read_ogr(x, quiet, check_ring_dir = check_ring_dir, :
package tibble not available: install first?
Calls: read_sf ... st_read -> st_read.character -> process_cpl_read_ogr
Execution halted
Flavor: r-oldrel-windows-x86_64
These binaries (installable software) and packages are in development.
They may not be fully stable and should be used with caution. We make no claims about them.
Health stats visible at Monitor.