Last updated on 2024-05-02 13:49:48 CEST.
Flavor | Version | Tinstall | Tcheck | Ttotal | Status | Flags |
---|---|---|---|---|---|---|
r-devel-linux-x86_64-debian-clang | 1.7-22 | 105.86 | 395.86 | 501.72 | NOTE | |
r-devel-linux-x86_64-debian-gcc | 1.7-22 | 74.17 | 266.26 | 340.43 | NOTE | |
r-devel-linux-x86_64-fedora-clang | 1.7-22 | 597.79 | NOTE | |||
r-devel-linux-x86_64-fedora-gcc | 1.7-22 | 620.11 | NOTE | |||
r-devel-windows-x86_64 | 1.7-22 | 83.00 | 366.00 | 449.00 | NOTE | |
r-patched-linux-x86_64 | 1.7-22 | 98.93 | 353.09 | 452.02 | NOTE | |
r-release-linux-x86_64 | 1.7-22 | 96.54 | 360.88 | 457.42 | NOTE | |
r-release-macos-arm64 | 1.7-22 | 140.00 | NOTE | |||
r-release-windows-x86_64 | 1.7-22 | 85.00 | 368.00 | 453.00 | NOTE | |
r-oldrel-macos-arm64 | 1.7-22 | 147.00 | NOTE | |||
r-oldrel-macos-x86_64 | 1.7-22 | 266.00 | NOTE | |||
r-oldrel-windows-x86_64 | 1.7-22 | 107.00 | 473.00 | 580.00 | NOTE |
Version: 1.7-22
Check: Rd files
Result: NOTE
checkRd: (-1) varipart.Rd:19: Lost braces
19 | \item{type}{a character specifying the algorithm which should be used to adjust R-squared (either \code{"simulated"} or \ code{"parametric"}).}
| ^
Flavors: r-devel-linux-x86_64-debian-clang, r-devel-linux-x86_64-debian-gcc, r-devel-linux-x86_64-fedora-clang, r-devel-linux-x86_64-fedora-gcc, r-devel-windows-x86_64, r-patched-linux-x86_64, r-release-linux-x86_64, r-release-macos-arm64, r-release-windows-x86_64
Version: 1.7-22
Check: installed package size
Result: NOTE
installed size is 6.4Mb
sub-directories of 1Mb or more:
R 1.4Mb
data 3.0Mb
Flavors: r-devel-linux-x86_64-fedora-clang, r-devel-windows-x86_64, r-release-macos-arm64, r-release-windows-x86_64, r-oldrel-macos-arm64, r-oldrel-macos-x86_64, r-oldrel-windows-x86_64
Version: 1.7-22
Check: dependencies in R code
Result: NOTE
Namespace in Imports field not imported from: ‘sp’
All declared Imports should be used.
Flavors: r-devel-linux-x86_64-fedora-clang, r-devel-linux-x86_64-fedora-gcc
These binaries (installable software) and packages are in development.
They may not be fully stable and should be used with caution. We make no claims about them.
Health stats visible at Monitor.