Last updated on 2025-02-23 19:50:58 CET.
Flavor | Version | Tinstall | Tcheck | Ttotal | Status | Flags |
---|---|---|---|---|---|---|
r-devel-linux-x86_64-debian-clang | 0.16.0 | 32.70 | 19.56 | 52.26 | OK | |
r-devel-linux-x86_64-debian-gcc | 0.16.0 | 23.44 | 16.47 | 39.91 | OK | |
r-devel-linux-x86_64-fedora-clang | 0.16.0 | 77.42 | OK | |||
r-devel-linux-x86_64-fedora-gcc | 0.16.0 | 96.33 | OK | |||
r-devel-macos-arm64 | 0.16.0 | 32.00 | OK | |||
r-devel-macos-x86_64 | 0.16.0 | 74.00 | OK | |||
r-devel-windows-x86_64 | 0.16.0 | 47.00 | 75.00 | 122.00 | OK | |
r-patched-linux-x86_64 | 0.16.0 | 32.34 | 18.70 | 51.04 | OK | |
r-release-linux-x86_64 | 0.16.0 | 34.48 | 18.63 | 53.11 | OK | |
r-release-macos-arm64 | 0.16.0 | 38.00 | NOTE | |||
r-release-macos-x86_64 | 0.16.0 | 86.00 | NOTE | |||
r-release-windows-x86_64 | 0.16.0 | 47.00 | 69.00 | 116.00 | OK | |
r-oldrel-macos-arm64 | 0.15.0 | 203.00 | NOTE | |||
r-oldrel-macos-x86_64 | 0.16.0 | 61.00 | NOTE | |||
r-oldrel-windows-x86_64 | 0.16.0 | 53.00 | 80.00 | 133.00 | OK |
Version: 0.16.0
Check: installed package size
Result: NOTE
installed size is 12.6Mb
sub-directories of 1Mb or more:
libs 12.5Mb
Flavors: r-release-macos-arm64, r-release-macos-x86_64, r-oldrel-macos-x86_64
Version: 0.15.0
Check: installed package size
Result: NOTE
installed size is 13.5Mb
sub-directories of 1Mb or more:
libs 13.4Mb
Flavor: r-oldrel-macos-arm64
These binaries (installable software) and packages are in development.
They may not be fully stable and should be used with caution. We make no claims about them.
Health stats visible at Monitor.