Last updated on 2025-05-15 07:49:33 CEST.
Flavor | Version | Tinstall | Tcheck | Ttotal | Status | Flags |
---|---|---|---|---|---|---|
r-devel-linux-x86_64-debian-clang | 1.1.3 | 4.23 | 43.86 | 48.09 | NOTE | |
r-devel-linux-x86_64-debian-gcc | 1.1.3 | 3.50 | 31.05 | 34.55 | NOTE | |
r-devel-linux-x86_64-fedora-clang | 1.1.3 | 76.36 | OK | |||
r-devel-linux-x86_64-fedora-gcc | 1.1.3 | 71.97 | OK | |||
r-devel-windows-x86_64 | 1.1.3 | 7.00 | 62.00 | 69.00 | OK | |
r-patched-linux-x86_64 | 1.1.3 | 5.10 | 40.96 | 46.06 | OK | |
r-release-linux-x86_64 | 1.1.3 | 5.19 | 41.18 | 46.37 | OK | |
r-release-macos-arm64 | 1.1.3 | 25.00 | OK | |||
r-release-macos-x86_64 | 1.1.3 | 43.00 | OK | |||
r-release-windows-x86_64 | 1.1.3 | 7.00 | 63.00 | 70.00 | OK | |
r-oldrel-macos-arm64 | 1.1.3 | 25.00 | OK | |||
r-oldrel-macos-x86_64 | 1.1.3 | 46.00 | OK | |||
r-oldrel-windows-x86_64 | 1.1.3 | 9.00 | 74.00 | 83.00 | OK |
Version: 1.1.3
Check: CRAN incoming feasibility
Result: NOTE
Maintainer: ‘Gudmundur Einarsson <gumeo140688@gmail.com>’
The Description field contains
<arXiv:1705.07194>). Functions for performing cross validation are
the package (See Ames and Hong, <arXiv:1401.5492>). See the 'github'
Please refer to arXiv e-prints via their arXiv DOI <doi:10.48550/arXiv.YYMM.NNNNN>.
Flavors: r-devel-linux-x86_64-debian-clang, r-devel-linux-x86_64-debian-gcc
These binaries (installable software) and packages are in development.
They may not be fully stable and should be used with caution. We make no claims about them.
Health stats visible at Monitor.