Last updated on 2025-10-30 17:49:52 CET.
| Flavor | Version | Tinstall | Tcheck | Ttotal | Status | Flags |
|---|---|---|---|---|---|---|
| r-devel-linux-x86_64-debian-clang | 0.12 | 2.14 | 28.99 | 31.13 | ERROR | |
| r-devel-linux-x86_64-debian-gcc | 0.12 | 1.60 | 24.50 | 26.10 | OK | |
| r-devel-linux-x86_64-fedora-clang | 0.12 | 49.69 | OK | |||
| r-devel-linux-x86_64-fedora-gcc | 0.12 | 61.63 | OK | |||
| r-devel-windows-x86_64 | 0.12 | 3.00 | 63.00 | 66.00 | OK | |
| r-patched-linux-x86_64 | 0.12 | 2.19 | 27.97 | 30.16 | OK | |
| r-release-linux-x86_64 | 0.12 | 2.03 | 27.79 | 29.82 | OK | |
| r-release-macos-arm64 | 0.12 | 1.00 | 35.00 | 36.00 | OK | |
| r-release-macos-x86_64 | 0.12 | 2.00 | 53.00 | 55.00 | OK | |
| r-release-windows-x86_64 | 0.12 | 3.00 | 64.00 | 67.00 | OK | |
| r-oldrel-macos-arm64 | 0.12 | 1.00 | 51.00 | 52.00 | OK | |
| r-oldrel-macos-x86_64 | 0.12 | 2.00 | 61.00 | 63.00 | OK | |
| r-oldrel-windows-x86_64 | 0.12 | 5.00 | 73.00 | 78.00 | OK |
Version: 0.12
Check: re-building of vignette outputs
Result: ERROR
Error(s) in re-building vignettes:
...
--- re-building ‘aRxiv.Rmd’ using rmarkdown
Error in curl::curl_fetch_memory(url, handle = handle) :
Timeout was reached [export.arxiv.org]:
Operation timed out after 1020 milliseconds with 0 bytes received
Quitting from aRxiv.Rmd:205-209 [search_cats]
~~~~~~~~~~~~~~~~~~~~~~~~~~~~~~~~~~~~~~~~~~~~~~~~~~~~~~~~~~~~~~~~~~~~~~~~~~~~~~~~
<error/rlang_error>
Error:
! 1: Opening and ending tag mismatch: meta line 4 and head
2: Opening and ending tag mismatch: head line 3 and html
---
Backtrace:
▆
1. ├─aRxiv::arxiv_count("cat:stat*")
2. │ └─aRxiv:::result2list(search_result)
3. │ └─XML::xmlParse(httr::content(searchresult, "text"), asText = TRUE)
4. └─XML (local) `<fn>`(`<chr>`)
~~~~~~~~~~~~~~~~~~~~~~~~~~~~~~~~~~~~~~~~~~~~~~~~~~~~~~~~~~~~~~~~~~~~~~~~~~~~~~~~
Error: processing vignette 'aRxiv.Rmd' failed with diagnostics:
1: Opening and ending tag mismatch: meta line 4 and head
2: Opening and ending tag mismatch: head line 3 and html
--- failed re-building ‘aRxiv.Rmd’
SUMMARY: processing the following file failed:
‘aRxiv.Rmd’
Error: Vignette re-building failed.
Execution halted
Flavor: r-devel-linux-x86_64-debian-clang
These binaries (installable software) and packages are in development.
They may not be fully stable and should be used with caution. We make no claims about them.
Health stats visible at Monitor.