Last updated on 2025-05-03 22:49:47 CEST.
Flavor | Version | Tinstall | Tcheck | Ttotal | Status | Flags |
---|---|---|---|---|---|---|
r-devel-linux-x86_64-debian-clang | 1.3.6 | 14.55 | 135.06 | 149.61 | NOTE | |
r-devel-linux-x86_64-debian-gcc | 1.3.6 | 10.01 | 93.71 | 103.72 | NOTE | |
r-devel-linux-x86_64-fedora-clang | 1.3.6 | 218.54 | NOTE | |||
r-devel-linux-x86_64-fedora-gcc | 1.3.6 | 214.81 | NOTE | |||
r-devel-windows-x86_64 | 1.3.6 | 16.00 | 132.00 | 148.00 | NOTE | |
r-patched-linux-x86_64 | 1.3.6 | 16.27 | 120.26 | 136.53 | NOTE | |
r-release-linux-x86_64 | NOTE | |||||
r-release-macos-arm64 | 1.3.6 | 57.00 | NOTE | |||
r-release-macos-x86_64 | 1.3.6 | 114.00 | NOTE | |||
r-release-windows-x86_64 | 1.3.6 | 16.00 | 123.00 | 139.00 | NOTE | |
r-oldrel-macos-arm64 | 1.3.6 | 56.00 | NOTE | |||
r-oldrel-macos-x86_64 | 1.3.6 | 90.00 | NOTE | |||
r-oldrel-windows-x86_64 | 1.3.6 | 22.00 | 165.00 | 187.00 | NOTE |
Version: 1.3.6
Check: CRAN incoming feasibility
Result: NOTE
Maintainer: ‘George Rosenberger <gr2578@cumc.columbia.edu>’
No Authors@R field in DESCRIPTION.
Please add one, modifying
Authors@R: c(person(given = "George",
family = "Rosenberger",
role = c("aut", "cre"),
email = "gr2578@cumc.columbia.edu"),
person(given = "Hannes",
family = "Roest",
role = "aut"),
person(given = "Christina",
family = "Ludwig",
role = "aut"),
person(given = "Ruedi",
family = "Aebersold",
role = "aut"),
person(given = "Lars",
family = "Malmstroem",
role = "aut"))
as necessary.
Package CITATION file contains call(s) to old-style personList() or
as.personList(). Please use c() on person objects instead.
Flavors: r-devel-linux-x86_64-debian-clang, r-devel-linux-x86_64-debian-gcc
Version: 1.3.6
Check: Rd files
Result: NOTE
checkRd: (-1) ALF.Rd:47: Escaped LaTeX specials: \&
checkRd: (-1) APEXMS.Rd:14: Lost braces in \enumerate; meant \describe ?
checkRd: (-1) APEXMS.Rd:15: Lost braces in \enumerate; meant \describe ?
Flavors: r-devel-linux-x86_64-debian-clang, r-devel-linux-x86_64-debian-gcc, r-devel-linux-x86_64-fedora-clang, r-devel-linux-x86_64-fedora-gcc, r-devel-windows-x86_64, r-patched-linux-x86_64, r-release-linux-x86_64, r-release-macos-arm64, r-release-macos-x86_64, r-release-windows-x86_64, r-oldrel-macos-arm64, r-oldrel-macos-x86_64, r-oldrel-windows-x86_64
These binaries (installable software) and packages are in development.
They may not be fully stable and should be used with caution. We make no claims about them.
Health stats visible at Monitor.