Last updated on 2025-10-31 01:49:19 CET.
| Flavor | Version | Tinstall | Tcheck | Ttotal | Status | Flags | 
|---|---|---|---|---|---|---|
| r-devel-linux-x86_64-debian-clang | 1.0.1 | 231.79 | 188.14 | 419.93 | NOTE | |
| r-devel-linux-x86_64-debian-gcc | 1.0.1 | 206.63 | 146.69 | 353.32 | NOTE | |
| r-devel-linux-x86_64-fedora-clang | 1.0.1 | 487.00 | 179.85 | 666.85 | NOTE | |
| r-devel-linux-x86_64-fedora-gcc | 1.0.1 | 660.00 | 142.69 | 802.69 | NOTE | |
| r-devel-windows-x86_64 | 1.0.1 | 269.00 | 210.00 | 479.00 | OK | |
| r-patched-linux-x86_64 | 1.0.1 | 277.46 | 202.72 | 480.18 | OK | |
| r-release-linux-x86_64 | 1.0.1 | 275.76 | 203.18 | 478.94 | OK | |
| r-release-macos-arm64 | 1.0.1 | 94.00 | 68.00 | 162.00 | OK | |
| r-release-macos-x86_64 | 1.0.1 | 135.00 | 168.00 | 303.00 | OK | |
| r-release-windows-x86_64 | 1.0.1 | 260.00 | 213.00 | 473.00 | OK | |
| r-oldrel-macos-arm64 | 1.0.1 | 92.00 | 69.00 | 161.00 | NOTE | |
| r-oldrel-macos-x86_64 | 1.0.1 | 125.00 | 99.00 | 224.00 | NOTE | |
| r-oldrel-windows-x86_64 | 1.0.1 | 299.00 | 274.00 | 573.00 | NOTE | 
Version: 1.0.1
Check: CRAN incoming feasibility
Result: NOTE
  Maintainer: ‘Fabio Demarqui <fndemarqui@est.ufmg.br>’
  
  The Description field contains
    Mayrink (2019) <arXiv:1910.02406>. Model fitting carried out via
  Please refer to arXiv e-prints via their arXiv DOI <doi:10.48550/arXiv.YYMM.NNNNN>.
Flavors: r-devel-linux-x86_64-debian-clang, r-devel-linux-x86_64-debian-gcc
Version: 1.0.1
Check: dependencies in R code
Result: NOTE
  Namespace in Imports field not imported from: ‘rstantools’
    All declared Imports should be used.
Flavors: r-devel-linux-x86_64-fedora-clang, r-devel-linux-x86_64-fedora-gcc
Version: 1.0.1
Check: installed package size
Result: NOTE
    installed size is 53.8Mb
    sub-directories of 1Mb or more:
      libs  53.4Mb
Flavors: r-oldrel-macos-arm64, r-oldrel-macos-x86_64
Version: 1.0.1
Check: for GNU extensions in Makefiles
Result: NOTE
  GNU make is a SystemRequirements.
Flavors: r-oldrel-macos-arm64, r-oldrel-macos-x86_64, r-oldrel-windows-x86_64
These binaries (installable software) and packages are in development.
They may not be fully stable and should be used with caution. We make no claims about them.
Health stats visible at Monitor.