CRAN Package Check Results for Package YPBP

Last updated on 2025-05-07 20:50:01 CEST.

Flavor Version Tinstall Tcheck Ttotal Status Flags
r-devel-linux-x86_64-debian-clang 0.0.1 240.13 159.09 399.22 NOTE
r-devel-linux-x86_64-debian-gcc 0.0.1 222.70 132.37 355.07 NOTE
r-devel-linux-x86_64-fedora-clang 0.0.1 611.84 NOTE
r-devel-linux-x86_64-fedora-gcc 0.0.1 835.99 NOTE
r-devel-windows-x86_64 0.0.1 278.00 197.00 475.00 OK
r-patched-linux-x86_64 0.0.1 284.16 177.49 461.65 OK
r-release-linux-x86_64 0.0.1 275.63 175.86 451.49 OK
r-release-macos-arm64 0.0.1 158.00 OK
r-release-macos-x86_64 0.0.1 293.00 OK
r-release-windows-x86_64 0.0.1 264.00 198.00 462.00 OK
r-oldrel-macos-arm64 0.0.1 161.00 NOTE
r-oldrel-macos-x86_64 0.0.1 222.00 NOTE
r-oldrel-windows-x86_64 0.0.1 299.00 243.00 542.00 NOTE

Check Details

Version: 0.0.1
Check: CRAN incoming feasibility
Result: NOTE Maintainer: ‘Fabio Demarqui <fndemarqui@est.ufmg.br>’ The Description field contains et al. (2019) <arXiv:1910.04475>. Model fitting can be carried out via Please refer to arXiv e-prints via their arXiv DOI <doi:10.48550/arXiv.YYMM.NNNNN>. Flavors: r-devel-linux-x86_64-debian-clang, r-devel-linux-x86_64-debian-gcc

Version: 0.0.1
Check: dependencies in R code
Result: NOTE Namespace in Imports field not imported from: ‘rstantools’ All declared Imports should be used. Flavors: r-devel-linux-x86_64-fedora-clang, r-devel-linux-x86_64-fedora-gcc

Version: 0.0.1
Check: installed package size
Result: NOTE installed size is 56.0Mb sub-directories of 1Mb or more: libs 55.7Mb Flavors: r-oldrel-macos-arm64, r-oldrel-macos-x86_64

Version: 0.0.1
Check: for GNU extensions in Makefiles
Result: NOTE GNU make is a SystemRequirements. Flavors: r-oldrel-macos-arm64, r-oldrel-macos-x86_64, r-oldrel-windows-x86_64

These binaries (installable software) and packages are in development.
They may not be fully stable and should be used with caution. We make no claims about them.
Health stats visible at Monitor.