Last updated on 2025-02-23 15:50:02 CET.
Flavor | Version | Tinstall | Tcheck | Ttotal | Status | Flags |
---|---|---|---|---|---|---|
r-devel-linux-x86_64-debian-clang | 3.99-0.18 | 24.56 | 75.56 | 100.12 | OK | |
r-devel-linux-x86_64-debian-gcc | 3.99-0.18 | 17.63 | 50.45 | 68.08 | OK | |
r-devel-linux-x86_64-fedora-clang | 3.99-0.18 | 170.10 | WARN | |||
r-devel-linux-x86_64-fedora-gcc | 3.99-0.18 | 152.57 | WARN | |||
r-devel-macos-arm64 | 3.99-0.18 | 47.00 | OK | |||
r-devel-macos-x86_64 | 3.99-0.18 | 131.00 | OK | |||
r-devel-windows-x86_64 | 3.99-0.18 | 40.00 | 131.00 | 171.00 | WARN | |
r-patched-linux-x86_64 | 3.99-0.18 | 33.28 | 69.78 | 103.06 | OK | |
r-release-linux-x86_64 | 3.99-0.18 | 22.46 | 69.47 | 91.93 | OK | |
r-release-macos-arm64 | 3.99-0.18 | 47.00 | OK | |||
r-release-macos-x86_64 | 3.99-0.18 | 133.00 | OK | |||
r-release-windows-x86_64 | 3.99-0.18 | 32.00 | 101.00 | 133.00 | WARN | |
r-oldrel-macos-arm64 | 3.99-0.18 | 63.00 | OK | |||
r-oldrel-macos-x86_64 | 3.99-0.18 | 127.00 | OK | |||
r-oldrel-windows-x86_64 | 3.99-0.18 | 40.00 | 100.00 | 140.00 | WARN |
Version: 3.99-0.18
Check: whether package can be installed
Result: WARN
Found the following significant warnings:
DocParse.c:67:25: warning: '__xmlDoValidityCheckingDefaultValue' is deprecated [-Wdeprecated-declarations]
DocParse.c:70:6: warning: '__xmlDoValidityCheckingDefaultValue' is deprecated [-Wdeprecated-declarations]
RSDTD.c:134:7: warning: 'xmlSkipBlankChars' is deprecated [-Wdeprecated-declarations]
RSDTD.c:135:7: warning: 'xmlParseMarkupDecl' is deprecated [-Wdeprecated-declarations]
RUtils.c:142:13: warning: 'xmlSubstituteEntitiesDefault' is deprecated [-Wdeprecated-declarations]
See ‘/data/gannet/ripley/R/packages/tests-clang/XML.Rcheck/00install.out’ for details.
* used C compiler: ‘clang version 20.1.0-rc2’
Flavor: r-devel-linux-x86_64-fedora-clang
Version: 3.99-0.18
Check: whether package can be installed
Result: WARN
Found the following significant warnings:
RUtils.c:142:5: warning: ‘xmlSubstituteEntitiesDefault’ is deprecated [-Wdeprecated-declarations]
DocParse.c:67:2: warning: ‘__xmlDoValidityCheckingDefaultValue’ is deprecated [-Wdeprecated-declarations]
DocParse.c:70:6: warning: ‘__xmlDoValidityCheckingDefaultValue’ is deprecated [-Wdeprecated-declarations]
RSDTD.c:134:7: warning: ‘xmlSkipBlankChars’ is deprecated [-Wdeprecated-declarations]
RSDTD.c:135:7: warning: ‘xmlParseMarkupDecl’ is deprecated [-Wdeprecated-declarations]
See ‘/data/gannet/ripley/R/packages/tests-devel/XML.Rcheck/00install.out’ for details.
* used C compiler: ‘gcc (GCC) 14.2.1 20240912 (Red Hat 14.2.1-3)’
Flavor: r-devel-linux-x86_64-fedora-gcc
Version: 3.99-0.18
Check: whether package can be installed
Result: WARN
Found the following significant warnings:
RSDTD.c:134:7: warning: 'xmlSkipBlankChars' is deprecated [-Wdeprecated-declarations]
RSDTD.c:135:7: warning: 'xmlParseMarkupDecl' is deprecated [-Wdeprecated-declarations]
RUtils.c:142:5: warning: 'xmlSubstituteEntitiesDefault' is deprecated [-Wdeprecated-declarations]
See 'd:/Rcompile/CRANpkg/local/4.5/XML.Rcheck/00install.out' for details.
* used C compiler: 'gcc.exe (GCC) 13.3.0'
Flavor: r-devel-windows-x86_64
Version: 3.99-0.18
Check: whether package can be installed
Result: WARN
Found the following significant warnings:
RSDTD.c:134:7: warning: 'xmlSkipBlankChars' is deprecated [-Wdeprecated-declarations]
RSDTD.c:135:7: warning: 'xmlParseMarkupDecl' is deprecated [-Wdeprecated-declarations]
RUtils.c:142:5: warning: 'xmlSubstituteEntitiesDefault' is deprecated [-Wdeprecated-declarations]
See 'd:/Rcompile/CRANpkg/local/4.4/XML.Rcheck/00install.out' for details.
* used C compiler: 'gcc.exe (GCC) 13.3.0'
Flavor: r-release-windows-x86_64
Version: 3.99-0.18
Check: installed package size
Result: NOTE
installed size is 5.2Mb
sub-directories of 1Mb or more:
exampleData 1.3Mb
libs 2.1Mb
Flavors: r-release-windows-x86_64, r-oldrel-windows-x86_64
Version: 3.99-0.18
Check: whether package can be installed
Result: WARN
Found the following significant warnings:
DocParse.c:1334:5: warning: 'xmlKeepBlanksDefault' is deprecated [-Wdeprecated-declarations]
RSDTD.c:134:7: warning: 'xmlSkipBlankChars' is deprecated [-Wdeprecated-declarations]
RSDTD.c:135:7: warning: 'xmlParseMarkupDecl' is deprecated [-Wdeprecated-declarations]
RUtils.c:142:5: warning: 'xmlSubstituteEntitiesDefault' is deprecated [-Wdeprecated-declarations]
See 'd:/Rcompile/CRANpkg/local/4.3/XML.Rcheck/00install.out' for details.
* used C compiler: 'gcc.exe (GCC) 12.3.0'
Flavor: r-oldrel-windows-x86_64
These binaries (installable software) and packages are in development.
They may not be fully stable and should be used with caution. We make no claims about them.
Health stats visible at Monitor.