Last updated on 2025-02-23 15:50:02 CET.
Flavor | Version | Tinstall | Tcheck | Ttotal | Status | Flags |
---|---|---|---|---|---|---|
r-devel-linux-x86_64-debian-clang | 1.2.0 | 10.84 | 135.89 | 146.73 | OK | |
r-devel-linux-x86_64-debian-gcc | 1.2.0 | 7.36 | 104.57 | 111.93 | OK | |
r-devel-linux-x86_64-fedora-clang | 1.2.0 | 217.41 | OK | |||
r-devel-linux-x86_64-fedora-gcc | 1.2.0 | 226.78 | OK | |||
r-devel-macos-arm64 | 1.1.0 | 87.00 | OK | |||
r-devel-macos-x86_64 | 1.2.0 | 196.00 | OK | |||
r-devel-windows-x86_64 | 1.1.0 | 49.00 | 253.00 | 302.00 | OK | |
r-patched-linux-x86_64 | 1.2.0 | 12.57 | 129.37 | 141.94 | OK | |
r-release-linux-x86_64 | 1.2.0 | 9.42 | 128.81 | 138.23 | OK | |
r-release-macos-arm64 | 1.1.0 | 114.00 | NOTE | |||
r-release-macos-x86_64 | 1.2.0 | 231.00 | NOTE | |||
r-release-windows-x86_64 | 1.2.0 | 55.00 | 270.00 | 325.00 | NOTE | |
r-oldrel-macos-arm64 | 1.1.0 | 111.00 | NOTE | |||
r-oldrel-macos-x86_64 | 1.2.0 | 193.00 | NOTE | |||
r-oldrel-windows-x86_64 | 1.2.0 | 34.00 | 276.00 | 310.00 | NOTE |
Version: 1.1.0
Check: installed package size
Result: NOTE
installed size is 32.7Mb
sub-directories of 1Mb or more:
java 30.1Mb
Flavors: r-release-macos-arm64, r-oldrel-macos-arm64
Version: 1.2.0
Check: installed package size
Result: NOTE
installed size is 32.6Mb
sub-directories of 1Mb or more:
java 30.2Mb
Flavors: r-release-macos-x86_64, r-release-windows-x86_64, r-oldrel-macos-x86_64, r-oldrel-windows-x86_64
These binaries (installable software) and packages are in development.
They may not be fully stable and should be used with caution. We make no claims about them.
Health stats visible at Monitor.