Last updated on 2025-10-31 09:50:34 CET.
| Flavor | Version | Tinstall | Tcheck | Ttotal | Status | Flags | 
|---|---|---|---|---|---|---|
| r-devel-linux-x86_64-debian-clang | 1.0.6 | 17.81 | 256.97 | 274.78 | OK | |
| r-devel-linux-x86_64-debian-gcc | 1.0.6 | 11.90 | 181.82 | 193.72 | ERROR | |
| r-devel-linux-x86_64-fedora-clang | 1.0.6 | 38.00 | 387.27 | 425.27 | OK | |
| r-devel-linux-x86_64-fedora-gcc | 1.0.6 | 43.00 | 367.55 | 410.55 | OK | |
| r-devel-windows-x86_64 | 1.0.6 | 22.00 | 245.00 | 267.00 | OK | |
| r-patched-linux-x86_64 | 1.0.6 | 15.72 | 243.09 | 258.81 | OK | |
| r-release-linux-x86_64 | 1.0.6 | 16.02 | 246.90 | 262.92 | OK | |
| r-release-macos-arm64 | 1.0.6 | 8.00 | 111.00 | 119.00 | OK | |
| r-release-macos-x86_64 | 1.0.6 | 15.00 | 226.00 | 241.00 | OK | |
| r-release-windows-x86_64 | 1.0.6 | 22.00 | 248.00 | 270.00 | OK | |
| r-oldrel-macos-arm64 | 1.0.6 | 8.00 | 109.00 | 117.00 | OK | |
| r-oldrel-macos-x86_64 | 1.0.6 | 19.00 | 217.00 | 236.00 | OK | |
| r-oldrel-windows-x86_64 | 1.0.6 | 27.00 | 314.00 | 341.00 | OK | 
Version: 1.0.6
Check: tests
Result: ERROR
    Running ‘testthat.R’ [90s/108s]
  Running the tests in ‘tests/testthat.R’ failed.
  Complete output:
    > library(testthat)
    > library(WhatsR)
    > 
    > test_check("WhatsR")
    'download_emoji()' caused a warning:
    URL 'https://www.unicode.org/Public/emoji/15.1/emoji-test.txt': status was 'SSL connect error'Loading required package: ragg
    [ FAIL 2 | WARN 5 | SKIP 0 | PASS 291 ]
    
    ══ Failed tests ════════════════════════════════════════════════════════════════
    ── Failure ('test-WhatsR-tests.R:33:3'): Updating emoji dictionary ─────────────
    class(emoji_dictionary) (`actual`) not equal to "data.frame" (`expected`).
    
    `actual`:   "NULL"      
    `expected`: "data.frame"
    ── Failure ('test-WhatsR-tests.R:36:3'): Updating emoji dictionary ─────────────
    Names of `emoji_dictionary` ('') don't match 'R.native', 'Desc', 'OriginalOrder'
    
    [ FAIL 2 | WARN 5 | SKIP 0 | PASS 291 ]
    Error: Test failures
    Execution halted
Flavor: r-devel-linux-x86_64-debian-gcc
These binaries (installable software) and packages are in development.
They may not be fully stable and should be used with caution. We make no claims about them.
Health stats visible at Monitor.