CRAN Package Check Results for Package WeightedROC

Last updated on 2025-05-15 07:49:55 CEST.

Flavor Version Tinstall Tcheck Ttotal Status Flags
r-devel-linux-x86_64-debian-clang 2020.1.31 1.51 29.21 30.72 NOTE
r-devel-linux-x86_64-debian-gcc 2020.1.31 1.29 22.98 24.27 NOTE
r-devel-linux-x86_64-fedora-clang 2020.1.31 47.80 NOTE
r-devel-linux-x86_64-fedora-gcc 2020.1.31 59.31 NOTE
r-devel-windows-x86_64 2020.1.31 3.00 58.00 61.00 NOTE
r-patched-linux-x86_64 2020.1.31 1.46 27.57 29.03 NOTE
r-release-linux-x86_64 2020.1.31 1.64 27.78 29.42 NOTE
r-release-macos-arm64 2020.1.31 NOTE
r-release-macos-x86_64 2020.1.31 78.00 NOTE
r-release-windows-x86_64 2020.1.31 2.00 60.00 62.00 NOTE
r-oldrel-macos-arm64 2020.1.31 23.00 NOTE
r-oldrel-macos-x86_64 2020.1.31 41.00 NOTE
r-oldrel-windows-x86_64 2020.1.31 2.00 62.00 64.00 NOTE

Check Details

Version: 2020.1.31
Check: CRAN incoming feasibility
Result: NOTE Maintainer: ‘Toby Dylan Hocking <toby.hocking@r-project.org>’ No Authors@R field in DESCRIPTION. Please add one, modifying Authors@R: person(given = c("Toby", "Dylan"), family = "Hocking", role = c("aut", "cre"), email = "toby.hocking@r-project.org") as necessary. Flavors: r-devel-linux-x86_64-debian-clang, r-devel-linux-x86_64-debian-gcc

Version: 2020.1.31
Check: Rd files
Result: NOTE checkRd: (-1) WeightedROC.Rd:10: Lost braces; missing escapes or markup? 10 | integer/numeric with values all in {0=negative,1=positive} or | ^ checkRd: (-1) WeightedROC.Rd:11: Lost braces; missing escapes or markup? 11 | {1=negative,2=positive} or {-1=negative,1=positive}.} | ^ checkRd: (-1) WeightedROC.Rd:11: Lost braces; missing escapes or markup? 11 | {1=negative,2=positive} or {-1=negative,1=positive}.} | ^ Flavors: r-devel-linux-x86_64-debian-clang, r-devel-linux-x86_64-debian-gcc, r-devel-linux-x86_64-fedora-clang, r-devel-linux-x86_64-fedora-gcc, r-devel-windows-x86_64, r-patched-linux-x86_64, r-release-linux-x86_64, r-release-macos-arm64, r-release-macos-x86_64, r-release-windows-x86_64, r-oldrel-macos-arm64, r-oldrel-macos-x86_64, r-oldrel-windows-x86_64

These binaries (installable software) and packages are in development.
They may not be fully stable and should be used with caution. We make no claims about them.
Health stats visible at Monitor.