Last updated on 2025-05-17 13:49:56 CEST.
Flavor | Version | Tinstall | Tcheck | Ttotal | Status | Flags |
---|---|---|---|---|---|---|
r-devel-linux-x86_64-debian-clang | 3.1 | 14.61 | 101.26 | 115.87 | NOTE | |
r-devel-linux-x86_64-debian-gcc | 3.1 | 10.20 | 69.18 | 79.38 | NOTE | |
r-devel-linux-x86_64-fedora-clang | 3.1 | 180.39 | NOTE | |||
r-devel-linux-x86_64-fedora-gcc | 3.1 | 167.62 | NOTE | |||
r-devel-windows-x86_64 | 3.1 | 15.00 | 113.00 | 128.00 | NOTE | |
r-patched-linux-x86_64 | 3.1 | 15.34 | 94.64 | 109.98 | NOTE | |
r-release-linux-x86_64 | 3.1 | 15.32 | 94.16 | 109.48 | NOTE | |
r-release-macos-arm64 | 3.1 | 48.00 | NOTE | |||
r-release-macos-x86_64 | 3.1 | 85.00 | NOTE | |||
r-release-windows-x86_64 | 3.1 | 15.00 | 114.00 | 129.00 | NOTE | |
r-oldrel-macos-arm64 | 3.1 | 44.00 | NOTE | |||
r-oldrel-macos-x86_64 | 3.1 | 67.00 | NOTE | |||
r-oldrel-windows-x86_64 | 3.1 | 21.00 | 141.00 | 162.00 | NOTE |
Version: 3.1
Check: CRAN incoming feasibility
Result: NOTE
Maintainer: ‘Rezgar Arabzadeh <rezgararabzadeh@ut.ac.ir>’
No Authors@R field in DESCRIPTION.
Please add one, modifying
Authors@R: c(person(given = c("Rezgar", "Arabzadeh;", "Parisa", "Aberi;", "Kaveh", "Panaghi;", "Shahab", "Araghinejad;", "Majid"),
family = "Montaseri",
role = "aut"),
person(given = "Rezgar",
family = "Arabzadeh",
role = "cre",
email = "rezgararabzadeh@ut.ac.ir"))
as necessary.
Package CITATION file contains call(s) to old-style personList() or
as.personList(). Please use c() on person objects instead.
Package CITATION file contains call(s) to old-style citEntry(). Please
use bibentry() instead.
Flavors: r-devel-linux-x86_64-debian-clang, r-devel-linux-x86_64-debian-gcc
Version: 3.1
Check: Rd files
Result: NOTE
checkRd: (-1) createDemandSite.Rd:26: Lost braces
26 | \item{suppliers}{(optional) A list of object(s) inherited from the folowing classes: \code{\link[WRSS]{createAquifer}}, \code{\link[WRSS]{createRiver}}, \code{\link[WRSS]{createReservoir}}, code{\link[WRSS]{createDiversion}}.}
| ^
checkRd: (-1) createDemandSite.base.Rd:26: Lost braces
26 | \item{suppliers}{(optional) A list of object(s) inherited from the folowing classes: \code{\link[WRSS]{createAquifer}}, \code{\link[WRSS]{createRiver}}, \code{\link[WRSS]{createReservoir}}, code{\link[WRSS]{createDiversion}}.}
| ^
checkRd: (-1) createDemandSite.default.Rd:32: Lost braces
32 | \item{suppliers}{(optional) A list of object(s) inherited from the folowing classes: \code{\link[WRSS]{createAquifer}}, \code{\link[WRSS]{createRiver}}, \code{\link[WRSS]{createReservoir}}, code{\link[WRSS]{createDiversion}}.}
| ^
Flavors: r-devel-linux-x86_64-debian-clang, r-devel-linux-x86_64-debian-gcc, r-devel-linux-x86_64-fedora-clang, r-devel-linux-x86_64-fedora-gcc, r-devel-windows-x86_64, r-patched-linux-x86_64, r-release-linux-x86_64, r-release-macos-arm64, r-release-macos-x86_64, r-release-windows-x86_64, r-oldrel-macos-arm64, r-oldrel-macos-x86_64, r-oldrel-windows-x86_64
These binaries (installable software) and packages are in development.
They may not be fully stable and should be used with caution. We make no claims about them.
Health stats visible at Monitor.