Last updated on 2025-02-23 19:51:24 CET.
Flavor | Version | Tinstall | Tcheck | Ttotal | Status | Flags |
---|---|---|---|---|---|---|
r-devel-linux-x86_64-debian-clang | 3.1 | 15.95 | 91.18 | 107.13 | NOTE | |
r-devel-linux-x86_64-debian-gcc | 3.1 | 9.84 | 60.97 | 70.81 | NOTE | |
r-devel-linux-x86_64-fedora-clang | 3.1 | 168.27 | NOTE | |||
r-devel-linux-x86_64-fedora-gcc | 3.1 | 159.84 | NOTE | |||
r-devel-macos-arm64 | 3.1 | 50.00 | NOTE | |||
r-devel-macos-x86_64 | 3.1 | 85.00 | NOTE | |||
r-devel-windows-x86_64 | 3.1 | 14.00 | 112.00 | 126.00 | NOTE | |
r-patched-linux-x86_64 | 3.1 | 13.61 | 85.01 | 98.62 | NOTE | |
r-release-linux-x86_64 | 3.1 | 14.18 | 86.57 | 100.75 | NOTE | |
r-release-macos-arm64 | 3.1 | 44.00 | NOTE | |||
r-release-macos-x86_64 | 3.1 | 67.00 | NOTE | |||
r-release-windows-x86_64 | 3.1 | 15.00 | 107.00 | 122.00 | NOTE | |
r-oldrel-macos-arm64 | 3.1 | 46.00 | OK | |||
r-oldrel-macos-x86_64 | 3.1 | 77.00 | OK | |||
r-oldrel-windows-x86_64 | 3.1 | 20.00 | 129.00 | 149.00 | OK |
Version: 3.1
Check: Rd files
Result: NOTE
checkRd: (-1) createDemandSite.Rd:26: Lost braces
26 | \item{suppliers}{(optional) A list of object(s) inherited from the folowing classes: \code{\link[WRSS]{createAquifer}}, \code{\link[WRSS]{createRiver}}, \code{\link[WRSS]{createReservoir}}, code{\link[WRSS]{createDiversion}}.}
| ^
checkRd: (-1) createDemandSite.base.Rd:26: Lost braces
26 | \item{suppliers}{(optional) A list of object(s) inherited from the folowing classes: \code{\link[WRSS]{createAquifer}}, \code{\link[WRSS]{createRiver}}, \code{\link[WRSS]{createReservoir}}, code{\link[WRSS]{createDiversion}}.}
| ^
checkRd: (-1) createDemandSite.default.Rd:32: Lost braces
32 | \item{suppliers}{(optional) A list of object(s) inherited from the folowing classes: \code{\link[WRSS]{createAquifer}}, \code{\link[WRSS]{createRiver}}, \code{\link[WRSS]{createReservoir}}, code{\link[WRSS]{createDiversion}}.}
| ^
Flavors: r-devel-linux-x86_64-debian-clang, r-devel-linux-x86_64-debian-gcc, r-devel-linux-x86_64-fedora-clang, r-devel-linux-x86_64-fedora-gcc, r-devel-macos-arm64, r-devel-macos-x86_64, r-devel-windows-x86_64, r-patched-linux-x86_64, r-release-linux-x86_64, r-release-macos-arm64, r-release-macos-x86_64, r-release-windows-x86_64
These binaries (installable software) and packages are in development.
They may not be fully stable and should be used with caution. We make no claims about them.
Health stats visible at Monitor.