Last updated on 2024-05-02 08:02:03 CEST.
Flavor | Version | Tinstall | Tcheck | Ttotal | Status | Flags |
---|---|---|---|---|---|---|
r-devel-linux-x86_64-debian-clang | 2.5.0 | 32.56 | 160.95 | 193.51 | NOTE | |
r-devel-linux-x86_64-debian-gcc | 2.5.0 | 29.94 | 111.09 | 141.03 | NOTE | |
r-devel-linux-x86_64-fedora-clang | 2.5.0 | 230.82 | NOTE | |||
r-devel-linux-x86_64-fedora-gcc | 2.5.0 | 231.36 | NOTE | |||
r-devel-windows-x86_64 | 2.5.0 | 35.00 | 147.00 | 182.00 | NOTE | |
r-patched-linux-x86_64 | 2.5.0 | 37.11 | 149.59 | 186.70 | NOTE | |
r-release-linux-x86_64 | 2.5.0 | 33.90 | 149.38 | 183.28 | NOTE | |
r-release-macos-arm64 | 2.5.0 | 55.00 | NOTE | |||
r-release-windows-x86_64 | 2.5.0 | 35.00 | 150.00 | 185.00 | NOTE | |
r-oldrel-macos-arm64 | 2.5.0 | 67.00 | OK | |||
r-oldrel-macos-x86_64 | 2.5.0 | 175.00 | OK | |||
r-oldrel-windows-x86_64 | 2.5.0 | 36.00 | 171.00 | 207.00 | OK |
Version: 2.5.0
Check: Rd files
Result: NOTE
checkRd: (-1) RVineMatrix.Rd:90: Lost braces in \itemize; \value handles \item{}{} directly
checkRd: (-1) RVineMatrix.Rd:91: Lost braces in \itemize; \value handles \item{}{} directly
checkRd: (-1) RVineMatrix.Rd:92: Lost braces in \itemize; \value handles \item{}{} directly
Flavors: r-devel-linux-x86_64-debian-clang, r-devel-linux-x86_64-debian-gcc, r-devel-linux-x86_64-fedora-clang, r-devel-linux-x86_64-fedora-gcc, r-devel-windows-x86_64, r-patched-linux-x86_64, r-release-linux-x86_64, r-release-macos-arm64, r-release-windows-x86_64
Version: 2.5.0
Check: HTML version of manual
Result: NOTE
Found the following HTML validation problems:
RVineClarkeTest.html:56:32 (RVineClarkeTest.Rd:31): Warning: trimming empty <code>
RVineClarkeTest.html:68:32 (RVineClarkeTest.Rd:41): Warning: trimming empty <code>
Flavors: r-devel-linux-x86_64-debian-clang, r-devel-linux-x86_64-debian-gcc, r-devel-linux-x86_64-fedora-clang, r-devel-linux-x86_64-fedora-gcc, r-devel-windows-x86_64, r-patched-linux-x86_64, r-release-linux-x86_64, r-release-windows-x86_64
Version: 2.5.0
Check: Rd cross-references
Result: NOTE
Undeclared packages ‘foreach’, ‘copula’ in Rd xrefs
Flavor: r-devel-linux-x86_64-fedora-clang
These binaries (installable software) and packages are in development.
They may not be fully stable and should be used with caution. We make no claims about them.
Health stats visible at Monitor.