Last updated on 2024-05-02 11:51:39 CEST.
Flavor | Version | Tinstall | Tcheck | Ttotal | Status | Flags |
---|---|---|---|---|---|---|
r-devel-linux-x86_64-debian-clang | 6.2.2 | 45.14 | 235.84 | 280.98 | OK | |
r-devel-linux-x86_64-debian-gcc | 6.2.2 | 32.09 | 170.12 | 202.21 | OK | |
r-devel-linux-x86_64-fedora-clang | 6.2.2 | 346.22 | NOTE | |||
r-devel-linux-x86_64-fedora-gcc | 6.2.2 | 351.01 | NOTE | |||
r-devel-windows-x86_64 | 6.2.2 | 36.00 | 198.00 | 234.00 | NOTE | |
r-patched-linux-x86_64 | 6.2.2 | 42.79 | 218.44 | 261.23 | OK | |
r-release-linux-x86_64 | 6.2.2 | 34.59 | 215.00 | 249.59 | OK | |
r-release-macos-arm64 | 6.2.2 | 92.00 | NOTE | |||
r-release-windows-x86_64 | 6.2.2 | 35.00 | 197.00 | 232.00 | NOTE | |
r-oldrel-macos-arm64 | 6.2.2 | 99.00 | NOTE | |||
r-oldrel-macos-x86_64 | 6.2.2 | 172.00 | NOTE | |||
r-oldrel-windows-x86_64 | 6.2.2 | 47.00 | 250.00 | 297.00 | NOTE |
Version: 6.2.2
Check: dependencies in R code
Result: NOTE
Namespace in Imports field not imported from: ‘magrittr’
All declared Imports should be used.
Flavors: r-devel-linux-x86_64-fedora-clang, r-devel-linux-x86_64-fedora-gcc
Version: 6.2.2
Check: Rd cross-references
Result: NOTE
Undeclared package ‘mi’ in Rd xrefs
Flavor: r-devel-linux-x86_64-fedora-clang
Version: 6.2.2
Check: data for non-ASCII characters
Result: NOTE
Note: found 2754 marked UTF-8 strings
Flavors: r-devel-linux-x86_64-fedora-clang, r-devel-linux-x86_64-fedora-gcc
Version: 6.2.2
Check: installed package size
Result: NOTE
installed size is 5.1Mb
sub-directories of 1Mb or more:
doc 2.7Mb
Flavors: r-devel-windows-x86_64, r-release-macos-arm64, r-release-windows-x86_64, r-oldrel-macos-arm64, r-oldrel-macos-x86_64, r-oldrel-windows-x86_64
These binaries (installable software) and packages are in development.
They may not be fully stable and should be used with caution. We make no claims about them.
Health stats visible at Monitor.